{"id":512,"date":"2025-12-21T11:19:49","date_gmt":"2025-12-21T11:19:49","guid":{"rendered":"https:\/\/vittalis.ro\/?post_type=product&#038;p=512"},"modified":"2026-02-05T06:52:32","modified_gmt":"2026-02-05T06:52:32","slug":"uronat-gold-15-capsule","status":"publish","type":"product","link":"https:\/\/vittalis.ro\/?product=uronat-gold-15-capsule","title":{"rendered":"Uronat Gold, 15 comprimate"},"content":{"rendered":"<h3 data-start=\"112\" data-end=\"130\"><strong data-start=\"112\" data-end=\"128\">Uronat Gold: propriet\u0103\u021bi<\/strong><\/h3>\n<ul data-start=\"131\" data-end=\"669\">\n<li data-start=\"131\" data-end=\"225\">\n<p style=\"text-align: justify;\" data-start=\"133\" data-end=\"225\">Contribuie la func\u021bionarea normal\u0103 a sistemului urinar \u0219i sus\u021bine procesul de detoxifiere.<\/p>\n<\/li>\n<li style=\"text-align: justify;\" data-start=\"226\" data-end=\"345\">\n<p data-start=\"228\" data-end=\"345\">Formul\u0103 complex\u0103 cu extracte din<strong> splinu\u021b\u0103, frunze de mesteac\u0103n \u0219i urzic\u0103<\/strong>, cu efect benefic asupra tractului urinar.<\/p>\n<\/li>\n<li style=\"text-align: justify;\" data-start=\"346\" data-end=\"475\">\n<p data-start=\"348\" data-end=\"475\">Extractul de <strong>splinu\u021b\u0103<\/strong>, bogat \u00een flavonoizi, taninuri \u0219i saponine, sprijin\u0103 s\u0103n\u0103tatea \u0219i buna func\u021bionare a sistemului urinar.<\/p>\n<\/li>\n<li style=\"text-align: justify;\" data-start=\"476\" data-end=\"576\">\n<p data-start=\"478\" data-end=\"576\">Extractul de <strong>frunze de mesteac\u0103n<\/strong> sus\u021bine schimburile electrolitice renale \u0219i are efect diuretic.<\/p>\n<\/li>\n<li style=\"text-align: justify;\" data-start=\"577\" data-end=\"669\">\n<p data-start=\"579\" data-end=\"669\">Extractul de <strong>urzic\u0103<\/strong> favorizeaz\u0103 diureza \u0219i eliminarea metabolitilor nocivi din organism.<\/p>\n<\/li>\n<\/ul>\n<hr data-start=\"4671\" data-end=\"4674\" \/>\n<p style=\"text-align: justify;\" data-start=\"671\" data-end=\"748\"><strong data-start=\"671\" data-end=\"695\">Mod de administrare:<\/strong><br data-start=\"695\" data-end=\"698\" \/>1\u20132 capsule pe zi, conform nevoilor individuale.<\/p>\n<hr data-start=\"4671\" data-end=\"4674\" \/>\n<p style=\"text-align: justify;\" data-start=\"750\" data-end=\"768\"><strong data-start=\"750\" data-end=\"766\">Ingrediente:<\/strong><\/p>\n<ul style=\"text-align: justify;\" data-start=\"769\" data-end=\"966\">\n<li data-start=\"769\" data-end=\"827\">\n<p data-start=\"771\" data-end=\"827\">250 mg extract uscat 4:1 din p\u0103r\u021bi aeriene de Splinu\u021b\u0103<\/p>\n<\/li>\n<li data-start=\"828\" data-end=\"910\">\n<p data-start=\"830\" data-end=\"910\">100 mg extract uscat din frunze de Mesteac\u0103n (standardizat la 2,5% hiperozide)<\/p>\n<\/li>\n<li data-start=\"911\" data-end=\"966\">\n<p data-start=\"913\" data-end=\"966\">50 mg extract uscat 4:1 din p\u0103r\u021bi aeriene de Urzic\u0103<\/p>\n<\/li>\n<\/ul>\n<hr data-start=\"4671\" data-end=\"4674\" \/>\n<p style=\"text-align: justify;\" data-start=\"968\" data-end=\"998\"><strong data-start=\"968\" data-end=\"983\">Prezentare:<\/strong><br data-start=\"983\" data-end=\"986\" \/>15 comprimate<\/p>\n<hr data-start=\"4671\" data-end=\"4674\" \/>\n<p style=\"text-align: justify;\" data-start=\"1000\" data-end=\"1083\"><strong data-start=\"1000\" data-end=\"1014\">Categorie:<\/strong> Supliment alimentar pentru sus\u021binerea s\u0103n\u0103t\u0103\u021bii sistemului urinar.<\/p>\n<hr data-start=\"4671\" data-end=\"4674\" \/>\n<p style=\"text-align: justify;\" data-start=\"1085\" data-end=\"1132\"><strong data-start=\"1085\" data-end=\"1130\">Sugestii de utilizare \u0219i articole conexe:<\/strong><\/p>\n<ul data-start=\"1133\" data-end=\"1229\">\n<li style=\"text-align: justify;\" data-start=\"1133\" data-end=\"1144\">\n<p data-start=\"1135\" data-end=\"1144\">Cistit\u0103<\/p>\n<\/li>\n<li style=\"text-align: justify;\" data-start=\"1145\" data-end=\"1165\">\n<p data-start=\"1147\" data-end=\"1165\">Infec\u021bii urinare<\/p>\n<\/li>\n<li style=\"text-align: justify;\" data-start=\"1166\" data-end=\"1214\">\n<p data-start=\"1168\" data-end=\"1214\">Sumar de urin\u0103: biochimie \u0219i sediment urinar<\/p>\n<\/li>\n<li data-start=\"1215\" data-end=\"1229\">\n<p style=\"text-align: justify;\" data-start=\"1217\" data-end=\"1229\">Urocultur\u0103<\/p>\n<\/li>\n<\/ul>\n<p>&nbsp;<\/p>\n<p>&nbsp;<\/p>\n<hr data-start=\"4671\" data-end=\"4674\" \/>\n<p style=\"text-align: center;\"><a href=\"https:\/\/www.facebook.com\/profile.php?id=61586010988472\" rel=\"nofollow noopener\" target=\"_blank\"><img decoding=\"async\" class=\"alignnone wp-image-953\" src=\"https:\/\/vittalis.ro\/wp-content\/uploads\/2025\/12\/1-300x300.png\" alt=\"\" width=\"51\" height=\"51\" srcset=\"https:\/\/vittalis.ro\/wp-content\/uploads\/2025\/12\/1-300x300.png 300w, https:\/\/vittalis.ro\/wp-content\/uploads\/2025\/12\/1-150x150.png 150w, https:\/\/vittalis.ro\/wp-content\/uploads\/2025\/12\/1-100x100.png 100w, https:\/\/vittalis.ro\/wp-content\/uploads\/2025\/12\/1-50x50.png 50w, https:\/\/vittalis.ro\/wp-content\/uploads\/2025\/12\/1.png 500w\" sizes=\"(max-width: 51px) 100vw, 51px\" \/><\/a> <a href=\"https:\/\/www.instagram.com\/vittalis.suplimentealimentare?igsh=MTBocHY0cXVta2dlcg%3D%3D\" rel=\"nofollow noopener\" target=\"_blank\"><img decoding=\"async\" class=\"alignnone wp-image-954\" src=\"https:\/\/vittalis.ro\/wp-content\/uploads\/2025\/12\/2-300x300.png\" alt=\"\" width=\"50\" height=\"50\" srcset=\"https:\/\/vittalis.ro\/wp-content\/uploads\/2025\/12\/2-300x300.png 300w, https:\/\/vittalis.ro\/wp-content\/uploads\/2025\/12\/2-150x150.png 150w, https:\/\/vittalis.ro\/wp-content\/uploads\/2025\/12\/2-100x100.png 100w, https:\/\/vittalis.ro\/wp-content\/uploads\/2025\/12\/2-50x50.png 50w, https:\/\/vittalis.ro\/wp-content\/uploads\/2025\/12\/2.png 500w\" sizes=\"(max-width: 50px) 100vw, 50px\" \/><\/a> <a href=\"https:\/\/www.tiktok.com\/@vittalis.ro\"><img decoding=\"async\" class=\"alignnone wp-image-955\" src=\"https:\/\/vittalis.ro\/wp-content\/uploads\/2025\/12\/3-300x300.png\" alt=\"\" width=\"56\" height=\"56\" srcset=\"https:\/\/vittalis.ro\/wp-content\/uploads\/2025\/12\/3-300x300.png 300w, https:\/\/vittalis.ro\/wp-content\/uploads\/2025\/12\/3-150x150.png 150w, https:\/\/vittalis.ro\/wp-content\/uploads\/2025\/12\/3-100x100.png 100w, https:\/\/vittalis.ro\/wp-content\/uploads\/2025\/12\/3-50x50.png 50w, https:\/\/vittalis.ro\/wp-content\/uploads\/2025\/12\/3.png 500w\" sizes=\"(max-width: 56px) 100vw, 56px\" \/><\/a> <a href=\"https:\/\/www.youtube.com\/channel\/UCt7ysxXRoHT4Amyd_FOoegA\" rel=\"nofollow noopener\" target=\"_blank\"><img loading=\"lazy\" decoding=\"async\" class=\"alignnone wp-image-956\" src=\"https:\/\/vittalis.ro\/wp-content\/uploads\/2025\/12\/4-300x300.png\" alt=\"\" width=\"52\" height=\"52\" srcset=\"https:\/\/vittalis.ro\/wp-content\/uploads\/2025\/12\/4-300x300.png 300w, https:\/\/vittalis.ro\/wp-content\/uploads\/2025\/12\/4-150x150.png 150w, https:\/\/vittalis.ro\/wp-content\/uploads\/2025\/12\/4-100x100.png 100w, https:\/\/vittalis.ro\/wp-content\/uploads\/2025\/12\/4-50x50.png 50w, https:\/\/vittalis.ro\/wp-content\/uploads\/2025\/12\/4.png 500w\" sizes=\"(max-width: 52px) 100vw, 52px\" \/><\/a><\/p>\n<hr data-start=\"4671\" data-end=\"4674\" \/>\n<p>&nbsp;<\/p>\n<p><a href=\"https:\/\/vittalis.ro\/?page_id=640\"><img loading=\"lazy\" decoding=\"async\" class=\"alignnone wp-image-960\" src=\"https:\/\/vittalis.ro\/wp-content\/uploads\/2025\/12\/Red-ad-Beige-Bold-Modern-Professional-Business-Pitch-Deck-Presentation-1-300x108.png\" alt=\"\" width=\"165\" height=\"59\" srcset=\"https:\/\/vittalis.ro\/wp-content\/uploads\/2025\/12\/Red-ad-Beige-Bold-Modern-Professional-Business-Pitch-Deck-Presentation-1-300x108.png 300w, https:\/\/vittalis.ro\/wp-content\/uploads\/2025\/12\/Red-ad-Beige-Bold-Modern-Professional-Business-Pitch-Deck-Presentation-1-1024x370.png 1024w, https:\/\/vittalis.ro\/wp-content\/uploads\/2025\/12\/Red-ad-Beige-Bold-Modern-Professional-Business-Pitch-Deck-Presentation-1-768x277.png 768w, https:\/\/vittalis.ro\/wp-content\/uploads\/2025\/12\/Red-ad-Beige-Bold-Modern-Professional-Business-Pitch-Deck-Presentation-1-1536x554.png 1536w, https:\/\/vittalis.ro\/wp-content\/uploads\/2025\/12\/Red-ad-Beige-Bold-Modern-Professional-Business-Pitch-Deck-Presentation-1-1320x476.png 1320w, https:\/\/vittalis.ro\/wp-content\/uploads\/2025\/12\/Red-ad-Beige-Bold-Modern-Professional-Business-Pitch-Deck-Presentation-1-600x217.png 600w, https:\/\/vittalis.ro\/wp-content\/uploads\/2025\/12\/Red-ad-Beige-Bold-Modern-Professional-Business-Pitch-Deck-Presentation-1.png 1920w\" sizes=\"(max-width: 165px) 100vw, 165px\" \/><\/a><\/p>\n<p class=\"entry-title\" style=\"text-align: left;\"><span style=\"text-decoration: underline;\"><strong><span style=\"color: #000000; text-decoration: underline;\"><a style=\"color: #000000; text-decoration: underline;\" href=\"https:\/\/vittalis.ro\/?p=637\">Vitamina C lipozomal\u0103 \u2013 absorb\u021bie superioar\u0103, imunitate puternic\u0103 \u0219i beneficii extinse pentru s\u0103n\u0103tate<\/a><\/span><\/strong><\/span><\/p>\n<p class=\"entry-title\" style=\"text-align: left;\"><span style=\"text-decoration: underline;\"><span style=\"color: #000000; text-decoration: underline;\"><a style=\"color: #000000; text-decoration: underline;\" href=\"https:\/\/vittalis.ro\/?p=617\"><strong>Colagenul \u2013 beneficii, rol \u00een organism, tipuri \u0219i surse naturale<\/strong><\/a><\/span><\/span><\/p>\n<p class=\"entry-title\" style=\"text-align: left;\"><span style=\"text-decoration: underline;\"><a href=\"https:\/\/vittalis.ro\/?p=715\"><span style=\"color: #000000; text-decoration: underline;\"><strong>Magneziu bisglicinat: beneficii, propriet\u0103\u021bi \u0219i utiliz\u0103ri esen\u021biale pentru s\u0103n\u0103tate<\/strong><\/span><\/a><\/span><\/p>\n<p>&nbsp;<\/p>\n","protected":false},"excerpt":{"rendered":"<p><strong>Contribuie la func\u021bionarea optim\u0103 a sistemulu urinar. Are ac\u021biune detoxifiant\u0103.<\/strong><\/p>\n<p>&nbsp;<\/p>\n","protected":false},"featured_media":513,"comment_status":"open","ping_status":"closed","template":"","meta":{"_glsr_average":0,"_glsr_ranking":0,"_glsr_reviews":0},"product_brand":[86],"product_cat":[15],"product_tag":[90,89,92,94,93,87,88,91],"class_list":{"0":"post-512","1":"product","2":"type-product","3":"status-publish","4":"has-post-thumbnail","6":"product_brand-zdrovit","7":"product_cat-uncategorized","8":"product_tag-detoxifiere-urinara","9":"product_tag-diureza-naturala","10":"product_tag-infectie-urinara","11":"product_tag-inflamatie-urinara","12":"product_tag-pietre-la-rnichi","13":"product_tag-sanatatea-tractului-urinar","14":"product_tag-sistem-urinar","15":"product_tag-supliment-urinar","17":"first","18":"instock","19":"sale","20":"shipping-taxable","21":"purchasable","22":"product-type-simple"},"jetpack_sharing_enabled":true,"jetpack-related-posts":[{"id":505,"url":"https:\/\/vittalis.ro\/?product=extra-cardiorelax-ajuta-sistemul-cardiovascular","url_meta":{"origin":512,"position":0},"title":"Extra CardioRelax &#8211; ajut\u0103 sistemul cardiovascular","author":"denisa","date":"decembrie 21, 2025","format":false,"excerpt":"Ingrediente din surse naturale pentru mentinerea fun\u021bionalit\u0103\u021bii cardiovasculare, gestionarea stresului si reducerea palpitatiilor.","rel":"","context":"Articol similar","block_context":{"text":"Articol similar","link":""},"img":{"alt_text":"EXTRA CARDIORELAX","src":"https:\/\/i0.wp.com\/vittalis.ro\/wp-content\/uploads\/2025\/12\/Extracardiorelax-copy.webp?resize=350%2C200&ssl=1","width":350,"height":200,"srcset":"https:\/\/i0.wp.com\/vittalis.ro\/wp-content\/uploads\/2025\/12\/Extracardiorelax-copy.webp?resize=350%2C200&ssl=1 1x, https:\/\/i0.wp.com\/vittalis.ro\/wp-content\/uploads\/2025\/12\/Extracardiorelax-copy.webp?resize=525%2C300&ssl=1 1.5x"},"classes":[]},{"id":1128,"url":"https:\/\/vittalis.ro\/?product=curcuma-500-30-capsule-parapharm-2","url_meta":{"origin":512,"position":1},"title":"Curcuma 500, 30 capsule, Parapharm","author":"denisa","date":"februarie 10, 2026","format":false,"excerpt":"Curcuma 500 + Seleniu, Parapharm \u2013 Supliment alimentar cu extract de r\u0103d\u0103cin\u0103 de curcum\u0103 500 mg \u0219i seleniu 55 \u00b5g. Ac\u021bioneaz\u0103 ca antioxidant puternic, protejeaz\u0103 celulele \u00eempotriva stresului oxidativ, sus\u021bine sistemul imunitar, func\u021bia tiroidei, s\u0103n\u0103tatea p\u0103rului \u0219i unghiilor, \u0219i spermatogeneza normal\u0103. Se administreaz\u0103 1 capsul\u0103 pe zi, \u00een timpul mesei,\u2026","rel":"","context":"Articol similar","block_context":{"text":"Articol similar","link":""},"img":{"alt_text":"Curcuma 500, 30 capsule, Parapharm","src":"https:\/\/i0.wp.com\/vittalis.ro\/wp-content\/uploads\/2026\/02\/1604845803.webp?resize=350%2C200&ssl=1","width":350,"height":200},"classes":[]},{"id":491,"url":"https:\/\/vittalis.ro\/?product=respirox-pulmonar-detox-regenereaza-detoxifica","url_meta":{"origin":512,"position":2},"title":"RESPIROX Pulmonar DETOX | Regenereaza, Detoxifica","author":"denisa","date":"decembrie 21, 2025","format":false,"excerpt":"Respirox Pulmonar Detox con\u021bine 12 extracte din plante, esentiale pentru protejarea, detoxifierea si regenerarea sistemului respirator.","rel":"","context":"Articol similar","block_context":{"text":"Articol similar","link":""},"img":{"alt_text":"RESPIROX Pulmonar DETOX | Regenereaza, Detoxifica","src":"https:\/\/i0.wp.com\/vittalis.ro\/wp-content\/uploads\/2025\/12\/Respirox-pastile-pentru-curatarea-plamanilor-RESPIROX-2024.webp?resize=350%2C200&ssl=1","width":350,"height":200,"srcset":"https:\/\/i0.wp.com\/vittalis.ro\/wp-content\/uploads\/2025\/12\/Respirox-pastile-pentru-curatarea-plamanilor-RESPIROX-2024.webp?resize=350%2C200&ssl=1 1x, https:\/\/i0.wp.com\/vittalis.ro\/wp-content\/uploads\/2025\/12\/Respirox-pastile-pentru-curatarea-plamanilor-RESPIROX-2024.webp?resize=525%2C300&ssl=1 1.5x"},"classes":[]},{"id":1151,"url":"https:\/\/vittalis.ro\/?product=bitter-suedez-30-30-capsule-parapharm","url_meta":{"origin":512,"position":3},"title":"Bitter Suedez, 30 + 30 capsule, Parapharm","author":"denisa","date":"februarie 11, 2026","format":false,"excerpt":"Uleiul de pe\u0219te oceanic este o surs\u0103 bogat\u0103 de acizi gra\u0219i esen\u021biali omega 3 (EPA \u0219i DHA), care sus\u021bin s\u0103n\u0103tatea inimii, reduc colesterolul \u0219i trigliceridele \u0219i \u00eembun\u0103t\u0103\u021besc circula\u021bia sanguin\u0103. Contribuie la protec\u021bia vaselor de s\u00e2nge, la func\u021bionarea optim\u0103 a creierului \u0219i la s\u0103n\u0103tatea pielii, fiind util \u00een psoriazis \u0219i scleroz\u0103\u2026","rel":"","context":"Articol similar","block_context":{"text":"Articol similar","link":""},"img":{"alt_text":"Bitter Suedez, 30 + 30 capsule, Parapharm","src":"https:\/\/i0.wp.com\/vittalis.ro\/wp-content\/uploads\/2026\/02\/bitter-suedez-pachet-3030-capsule-11-parapharm.webp?resize=350%2C200&ssl=1","width":350,"height":200},"classes":[]},{"id":1136,"url":"https:\/\/vittalis.ro\/?product=propolis-vitamina-c-30-tablete-parapharm-2","url_meta":{"origin":512,"position":4},"title":"Propolis + Vitamina C, 30 tablete, Parapharm","author":"denisa","date":"februarie 11, 2026","format":false,"excerpt":"Propolis \u0219i Vitamina C ParaPharm este un supliment alimentar pentru sus\u021binerea sistemului imunitar, cu efect antioxidant \u0219i protector asupra organismului. Combina\u021bia dintre extractul uscat de propolis, surs\u0103 natural\u0103 de bioflavonoide, \u0219i vitamina C\u00a0 contribuie la cre\u0219terea rezisten\u021bei organismului fa\u021b\u0103 de infec\u021bii, sus\u021bine randamentul fizic \u0219i protejeaz\u0103 celulele \u00eempotriva stresului oxidativ.","rel":"","context":"Articol similar","block_context":{"text":"Articol similar","link":""},"img":{"alt_text":"Propolis + Vitamina C, 30 tablete, Parapharm","src":"https:\/\/i0.wp.com\/vittalis.ro\/wp-content\/uploads\/2026\/02\/1664044781.webp?resize=350%2C200&ssl=1","width":350,"height":200},"classes":[]},{"id":1138,"url":"https:\/\/vittalis.ro\/?product=brusture-30-capsule-parapharm-2","url_meta":{"origin":512,"position":5},"title":"Brusture, 30 capsule, Parapharm","author":"denisa","date":"februarie 11, 2026","format":false,"excerpt":"Brusture (Arctium lappa) este un supliment alimentar pe baz\u0103 de extract standardizat din r\u0103d\u0103cin\u0103, recunoscut pentru efectul s\u0103u detoxifiant asupra organismului. Sus\u021bine func\u021bionarea ficatului \u0219i rinichilor, contribuie la cur\u0103\u021barea s\u00e2ngelui \u0219i la men\u021binerea s\u0103n\u0103t\u0103\u021bii pielii, fiind utilizat tradi\u021bional pentru purificare \u0219i echilibru intern.","rel":"","context":"Articol similar","block_context":{"text":"Articol similar","link":""},"img":{"alt_text":"Brusture, 30 capsule, Parapharm","src":"https:\/\/i0.wp.com\/vittalis.ro\/wp-content\/uploads\/2026\/02\/brusture-30-capsule-parapharm-biscuit-1040x1040-1.jpg?resize=350%2C200&ssl=1","width":350,"height":200,"srcset":"https:\/\/i0.wp.com\/vittalis.ro\/wp-content\/uploads\/2026\/02\/brusture-30-capsule-parapharm-biscuit-1040x1040-1.jpg?resize=350%2C200&ssl=1 1x, https:\/\/i0.wp.com\/vittalis.ro\/wp-content\/uploads\/2026\/02\/brusture-30-capsule-parapharm-biscuit-1040x1040-1.jpg?resize=525%2C300&ssl=1 1.5x, https:\/\/i0.wp.com\/vittalis.ro\/wp-content\/uploads\/2026\/02\/brusture-30-capsule-parapharm-biscuit-1040x1040-1.jpg?resize=700%2C400&ssl=1 2x"},"classes":[]}],"post_mailing_queue_ids":[],"_links":{"self":[{"href":"https:\/\/vittalis.ro\/index.php?rest_route=\/wp\/v2\/product\/512","targetHints":{"allow":["GET"]}}],"collection":[{"href":"https:\/\/vittalis.ro\/index.php?rest_route=\/wp\/v2\/product"}],"about":[{"href":"https:\/\/vittalis.ro\/index.php?rest_route=\/wp\/v2\/types\/product"}],"replies":[{"embeddable":true,"href":"https:\/\/vittalis.ro\/index.php?rest_route=%2Fwp%2Fv2%2Fcomments&post=512"}],"wp:featuredmedia":[{"embeddable":true,"href":"https:\/\/vittalis.ro\/index.php?rest_route=\/wp\/v2\/media\/513"}],"wp:attachment":[{"href":"https:\/\/vittalis.ro\/index.php?rest_route=%2Fwp%2Fv2%2Fmedia&parent=512"}],"wp:term":[{"taxonomy":"product_brand","embeddable":true,"href":"https:\/\/vittalis.ro\/index.php?rest_route=%2Fwp%2Fv2%2Fproduct_brand&post=512"},{"taxonomy":"product_cat","embeddable":true,"href":"https:\/\/vittalis.ro\/index.php?rest_route=%2Fwp%2Fv2%2Fproduct_cat&post=512"},{"taxonomy":"product_tag","embeddable":true,"href":"https:\/\/vittalis.ro\/index.php?rest_route=%2Fwp%2Fv2%2Fproduct_tag&post=512"}],"curies":[{"name":"wp","href":"https:\/\/api.w.org\/{rel}","templated":true}]}}