{"id":450,"date":"2025-12-19T15:56:28","date_gmt":"2025-12-19T15:56:28","guid":{"rendered":"https:\/\/vittalis.ro\/?post_type=product&#038;p=450"},"modified":"2026-03-01T12:34:54","modified_gmt":"2026-03-01T12:34:54","slug":"imunostim-pentru-stimularea-imunitatii","status":"publish","type":"product","link":"https:\/\/vittalis.ro\/?product=imunostim-pentru-stimularea-imunitatii","title":{"rendered":"Imunostim \u2013 Formula nou\u0103 avansat\u0103 pentru stimularea imunit\u0103\u021bii"},"content":{"rendered":"<h4 data-start=\"198\" data-end=\"268\">Sus\u021bine sistemul imunitar \u0219i ajut\u0103 la prevenirea \u00eemboln\u0103virilor.<\/h4>\n<h4 data-start=\"269\" data-end=\"312\"><strong data-start=\"269\" data-end=\"312\">Ac\u021biune antiinflamatoare \u0219i antiviral\u0103.<\/strong><\/h4>\n<ul data-start=\"314\" data-end=\"1102\">\n<li data-start=\"314\" data-end=\"421\">\n<p data-start=\"316\" data-end=\"421\">Imunostim ac\u021bioneaz\u0103 ca un stimulent natural puternic al mecanismelor de autoap\u0103rare ale organismului;<\/p>\n<\/li>\n<li data-start=\"422\" data-end=\"552\">\n<p data-start=\"424\" data-end=\"552\">Alcaloizii oxindolici din Gheara Matei (Gheara-pisicii) intensific\u0103 fagocitoza \u0219i contribuie la activarea sistemului imunitar;<\/p>\n<\/li>\n<li data-start=\"553\" data-end=\"664\">\n<p data-start=\"555\" data-end=\"664\">Ofer\u0103 aportul necesar de substan\u021be bioactive esen\u021biale pentru func\u021biile fiziologice cu rol imuno-protector;<\/p>\n<\/li>\n<li data-start=\"665\" data-end=\"726\">\n<p data-start=\"667\" data-end=\"726\">Sprijin\u0103 adaptarea organismului la schimb\u0103rile sezoniere;<\/p>\n<\/li>\n<li data-start=\"727\" data-end=\"810\">\n<p data-start=\"729\" data-end=\"810\">Protejeaz\u0103 organismul \u0219i cre\u0219te rezisten\u021ba acestuia \u00een fa\u021ba agen\u021bilor patogeni;<\/p>\n<\/li>\n<li data-start=\"811\" data-end=\"849\">\n<p data-start=\"813\" data-end=\"849\">Stimuleaz\u0103 produc\u021bia de limfocite;<\/p>\n<\/li>\n<li data-start=\"850\" data-end=\"885\">\n<p data-start=\"852\" data-end=\"885\">Cre\u0219te activitatea fagocitelor;<\/p>\n<\/li>\n<li data-start=\"886\" data-end=\"948\">\n<p data-start=\"888\" data-end=\"948\">Manifest\u0103 efect antiviral, antimicrobian \u0219i antibacterian;<\/p>\n<\/li>\n<li data-start=\"949\" data-end=\"995\">\n<p data-start=\"951\" data-end=\"995\">Reduce frecven\u021ba infec\u021biilor respiratorii;<\/p>\n<\/li>\n<li data-start=\"996\" data-end=\"1048\">\n<p data-start=\"998\" data-end=\"1048\">Amelioreaz\u0103 disconfortul asociat \u00eemboln\u0103virilor;<\/p>\n<\/li>\n<li data-start=\"1049\" data-end=\"1102\">\n<p data-start=\"1051\" data-end=\"1102\">Contribuie la scurtarea perioadei de convalescen\u021b\u0103.<\/p>\n<\/li>\n<\/ul>\n<hr data-start=\"1104\" data-end=\"1107\" \/>\n<h4 data-start=\"1109\" data-end=\"1156\">Ac\u021biune antiinflamatoare cu spectru larg.<\/h4>\n<h4 data-start=\"1157\" data-end=\"1181\"><strong data-start=\"1157\" data-end=\"1181\">Efect antiinfec\u021bios.<\/strong><\/h4>\n<ul data-start=\"1183\" data-end=\"1444\">\n<li data-start=\"1183\" data-end=\"1246\">\n<p data-start=\"1185\" data-end=\"1246\">Imunostim prezint\u0103 propriet\u0103\u021bi antiinflamatoare puternice;<\/p>\n<\/li>\n<li data-start=\"1247\" data-end=\"1296\">\n<p data-start=\"1249\" data-end=\"1296\">Are rol protector asupra c\u0103ilor respiratorii;<\/p>\n<\/li>\n<li data-start=\"1297\" data-end=\"1372\">\n<p data-start=\"1299\" data-end=\"1372\">Gheara Matei este eficient\u0103 \u00een inflama\u021biile cronice ale articula\u021biilor;<\/p>\n<\/li>\n<li data-start=\"1373\" data-end=\"1444\">\n<p data-start=\"1375\" data-end=\"1444\">Contribuie la reducerea severit\u0103\u021bii infec\u021biilor de diverse etiologii.<\/p>\n<\/li>\n<\/ul>\n<hr data-start=\"1446\" data-end=\"1449\" \/>\n<h4 data-start=\"1451\" data-end=\"1486\">Sus\u021bine s\u0103n\u0103tatea creierului.<\/h4>\n<h4 data-start=\"1487\" data-end=\"1518\"><strong data-start=\"1487\" data-end=\"1518\">Protec\u021bie cardio-vascular\u0103.<\/strong><\/h4>\n<ul data-start=\"1520\" data-end=\"1717\">\n<li data-start=\"1520\" data-end=\"1593\">\n<p data-start=\"1522\" data-end=\"1593\">Ac\u021bioneaz\u0103 ca tonic general, util \u00een st\u0103rile de astenie de prim\u0103var\u0103;<\/p>\n<\/li>\n<li data-start=\"1594\" data-end=\"1717\">\n<p data-start=\"1596\" data-end=\"1717\">Inhib\u0103 agregarea plachetar\u0103, reduce riscul de tromboz\u0103 \u0219i contribuie la men\u021binerea tensiunii arteriale \u00een limite normale.<\/p>\n<\/li>\n<\/ul>\n<hr data-start=\"1719\" data-end=\"1722\" \/>\n<h4 data-start=\"1724\" data-end=\"1743\">Mod de utilizare<\/h4>\n<p data-start=\"1745\" data-end=\"1919\"><strong data-start=\"1745\" data-end=\"1756\">Adul\u021bi:<\/strong><br data-start=\"1756\" data-end=\"1759\" \/>Se recomand\u0103 administrarea a <strong data-start=\"1788\" data-end=\"1816\">1 capsul\u0103 vegetal\u0103 pe zi<\/strong>, cu posibilitatea cre\u0219terii dozei p\u00e2n\u0103 la <strong data-start=\"1859\" data-end=\"1878\">2 capsule pe zi<\/strong>, \u00een func\u021bie de necesit\u0103\u021bile individuale.<\/p>\n<hr data-start=\"1921\" data-end=\"1924\" \/>\n<h4 data-start=\"1926\" data-end=\"1944\">Complementar \u00een<\/h4>\n<p data-start=\"1946\" data-end=\"2241\">Modul flexibil de administrare al Imunostim permite ajustarea dozei \u00een func\u021bie de nevoile fiec\u0103rei persoane, oferind un suport imunitar personalizat. Aceast\u0103 caracteristic\u0103 faciliteaz\u0103 adaptarea supliment\u0103rii \u00een func\u021bie de starea general\u0103 de s\u0103n\u0103tate \u0219i de cerin\u021bele specifice ale organismului.<\/p>\n<p data-start=\"2243\" data-end=\"2285\">Imunostim este recomandat ca adjuvant \u00een:<\/p>\n<ul data-start=\"2287\" data-end=\"2633\">\n<li data-start=\"2287\" data-end=\"2374\">\n<p data-start=\"2289\" data-end=\"2374\">Infec\u021bii virale \u0219i bacteriene ale c\u0103ilor respiratorii, uro-genitale, otite, herpes;<\/p>\n<\/li>\n<li data-start=\"2375\" data-end=\"2455\">\n<p data-start=\"2377\" data-end=\"2455\">Afec\u021biuni ale sistemului osteo-articular: artrit\u0103, gut\u0103, bursite, tendinite;<\/p>\n<\/li>\n<li data-start=\"2456\" data-end=\"2502\">\n<p data-start=\"2458\" data-end=\"2502\">Boli respiratorii: grip\u0103, r\u0103ceal\u0103, viroze;<\/p>\n<\/li>\n<li data-start=\"2503\" data-end=\"2633\">\n<p data-start=\"2505\" data-end=\"2633\">Afec\u021biuni dermatologice: dermatite, psoriazis, infec\u021bii fungice sau bacteriene, furuncule, micoze, acnee, \u00een\u021bep\u0103turi de insecte.<\/p>\n<\/li>\n<\/ul>\n<hr data-start=\"2635\" data-end=\"2638\" \/>\n<h4 data-start=\"2640\" data-end=\"2654\">Aten\u021bion\u0103ri<\/h4>\n<p data-start=\"2656\" data-end=\"3060\">Suplimentele alimentare nu \u00eenlocuiesc o diet\u0103 variat\u0103 \u0219i echilibrat\u0103 \u0219i nici un stil de via\u021b\u0103 s\u0103n\u0103tos.<br data-start=\"2758\" data-end=\"2761\" \/>Nu dep\u0103\u0219i\u021bi doza zilnic\u0103 recomandat\u0103.<br data-start=\"2798\" data-end=\"2801\" \/>A nu se l\u0103sa la \u00eendem\u00e2na \u0219i la vederea copiilor mici.<br data-start=\"2854\" data-end=\"2857\" \/>A se utiliza cu pruden\u021b\u0103 de c\u0103tre femeile \u00eens\u0103rcinate, cele care inten\u021bioneaz\u0103 s\u0103 r\u0103m\u00e2n\u0103 \u00eens\u0103rcinate sau care al\u0103pteaz\u0103.<br data-start=\"2977\" data-end=\"2980\" \/>Nu se recomand\u0103 persoanelor alergice la oricare dintre ingredientele produsului.<\/p>\n<p>&nbsp;<\/p>\n<hr data-start=\"4671\" data-end=\"4674\" \/>\n<p style=\"text-align: center;\"><a href=\"https:\/\/www.facebook.com\/profile.php?id=61586010988472\" rel=\"nofollow noopener\" target=\"_blank\"><img decoding=\"async\" class=\"alignnone wp-image-953\" src=\"https:\/\/vittalis.ro\/wp-content\/uploads\/2025\/12\/1-300x300.png\" alt=\"\" width=\"51\" height=\"51\" srcset=\"https:\/\/vittalis.ro\/wp-content\/uploads\/2025\/12\/1-300x300.png 300w, https:\/\/vittalis.ro\/wp-content\/uploads\/2025\/12\/1-150x150.png 150w, https:\/\/vittalis.ro\/wp-content\/uploads\/2025\/12\/1-100x100.png 100w, https:\/\/vittalis.ro\/wp-content\/uploads\/2025\/12\/1-50x50.png 50w, https:\/\/vittalis.ro\/wp-content\/uploads\/2025\/12\/1.png 500w\" sizes=\"(max-width: 51px) 100vw, 51px\" \/><\/a> <a href=\"https:\/\/www.instagram.com\/vittalis.suplimentealimentare?igsh=MTBocHY0cXVta2dlcg%3D%3D\" rel=\"nofollow noopener\" target=\"_blank\"><img decoding=\"async\" class=\"alignnone wp-image-954\" src=\"https:\/\/vittalis.ro\/wp-content\/uploads\/2025\/12\/2-300x300.png\" alt=\"\" width=\"50\" height=\"50\" srcset=\"https:\/\/vittalis.ro\/wp-content\/uploads\/2025\/12\/2-300x300.png 300w, https:\/\/vittalis.ro\/wp-content\/uploads\/2025\/12\/2-150x150.png 150w, https:\/\/vittalis.ro\/wp-content\/uploads\/2025\/12\/2-100x100.png 100w, https:\/\/vittalis.ro\/wp-content\/uploads\/2025\/12\/2-50x50.png 50w, https:\/\/vittalis.ro\/wp-content\/uploads\/2025\/12\/2.png 500w\" sizes=\"(max-width: 50px) 100vw, 50px\" \/><\/a> <a href=\"https:\/\/www.tiktok.com\/@vittalis.ro\"><img decoding=\"async\" class=\"alignnone wp-image-955\" src=\"https:\/\/vittalis.ro\/wp-content\/uploads\/2025\/12\/3-300x300.png\" alt=\"\" width=\"56\" height=\"56\" srcset=\"https:\/\/vittalis.ro\/wp-content\/uploads\/2025\/12\/3-300x300.png 300w, https:\/\/vittalis.ro\/wp-content\/uploads\/2025\/12\/3-150x150.png 150w, https:\/\/vittalis.ro\/wp-content\/uploads\/2025\/12\/3-100x100.png 100w, https:\/\/vittalis.ro\/wp-content\/uploads\/2025\/12\/3-50x50.png 50w, https:\/\/vittalis.ro\/wp-content\/uploads\/2025\/12\/3.png 500w\" sizes=\"(max-width: 56px) 100vw, 56px\" \/><\/a> <a href=\"https:\/\/www.youtube.com\/channel\/UCt7ysxXRoHT4Amyd_FOoegA\" rel=\"nofollow noopener\" target=\"_blank\"><img loading=\"lazy\" decoding=\"async\" class=\"alignnone wp-image-956\" src=\"https:\/\/vittalis.ro\/wp-content\/uploads\/2025\/12\/4-300x300.png\" alt=\"\" width=\"52\" height=\"52\" srcset=\"https:\/\/vittalis.ro\/wp-content\/uploads\/2025\/12\/4-300x300.png 300w, https:\/\/vittalis.ro\/wp-content\/uploads\/2025\/12\/4-150x150.png 150w, https:\/\/vittalis.ro\/wp-content\/uploads\/2025\/12\/4-100x100.png 100w, https:\/\/vittalis.ro\/wp-content\/uploads\/2025\/12\/4-50x50.png 50w, https:\/\/vittalis.ro\/wp-content\/uploads\/2025\/12\/4.png 500w\" sizes=\"(max-width: 52px) 100vw, 52px\" \/><\/a><\/p>\n<hr data-start=\"4671\" data-end=\"4674\" \/>\n<p>&nbsp;<\/p>\n<p><a href=\"https:\/\/vittalis.ro\/?page_id=640\"><img loading=\"lazy\" decoding=\"async\" class=\"alignnone wp-image-960\" src=\"https:\/\/vittalis.ro\/wp-content\/uploads\/2025\/12\/Red-ad-Beige-Bold-Modern-Professional-Business-Pitch-Deck-Presentation-1-300x108.png\" alt=\"\" width=\"165\" height=\"59\" srcset=\"https:\/\/vittalis.ro\/wp-content\/uploads\/2025\/12\/Red-ad-Beige-Bold-Modern-Professional-Business-Pitch-Deck-Presentation-1-300x108.png 300w, https:\/\/vittalis.ro\/wp-content\/uploads\/2025\/12\/Red-ad-Beige-Bold-Modern-Professional-Business-Pitch-Deck-Presentation-1-1024x370.png 1024w, https:\/\/vittalis.ro\/wp-content\/uploads\/2025\/12\/Red-ad-Beige-Bold-Modern-Professional-Business-Pitch-Deck-Presentation-1-768x277.png 768w, https:\/\/vittalis.ro\/wp-content\/uploads\/2025\/12\/Red-ad-Beige-Bold-Modern-Professional-Business-Pitch-Deck-Presentation-1-1536x554.png 1536w, https:\/\/vittalis.ro\/wp-content\/uploads\/2025\/12\/Red-ad-Beige-Bold-Modern-Professional-Business-Pitch-Deck-Presentation-1-1320x476.png 1320w, https:\/\/vittalis.ro\/wp-content\/uploads\/2025\/12\/Red-ad-Beige-Bold-Modern-Professional-Business-Pitch-Deck-Presentation-1-600x217.png 600w, https:\/\/vittalis.ro\/wp-content\/uploads\/2025\/12\/Red-ad-Beige-Bold-Modern-Professional-Business-Pitch-Deck-Presentation-1.png 1920w\" sizes=\"(max-width: 165px) 100vw, 165px\" \/><\/a><\/p>\n<p class=\"entry-title\" style=\"text-align: left;\"><span style=\"text-decoration: underline;\"><strong><span style=\"color: #000000; text-decoration: underline;\"><a style=\"color: #000000; text-decoration: underline;\" href=\"https:\/\/vittalis.ro\/?p=637\">Vitamina C lipozomal\u0103 \u2013 absorb\u021bie superioar\u0103, imunitate puternic\u0103 \u0219i beneficii extinse pentru s\u0103n\u0103tate<\/a><\/span><\/strong><\/span><\/p>\n<p class=\"entry-title\" style=\"text-align: left;\"><span style=\"text-decoration: underline;\"><span style=\"color: #000000; text-decoration: underline;\"><a style=\"color: #000000; text-decoration: underline;\" href=\"https:\/\/vittalis.ro\/?p=617\"><strong>Colagenul \u2013 beneficii, rol \u00een organism, tipuri \u0219i surse naturale<\/strong><\/a><\/span><\/span><\/p>\n<p class=\"entry-title\" style=\"text-align: left;\"><span style=\"text-decoration: underline;\"><a href=\"https:\/\/vittalis.ro\/?p=715\"><span style=\"color: #000000; text-decoration: underline;\"><strong>Magneziu bisglicinat: beneficii, propriet\u0103\u021bi \u0219i utiliz\u0103ri esen\u021biale pentru s\u0103n\u0103tate<\/strong><\/span><\/a><\/span><\/p>\n<p>&nbsp;<\/p>\n","protected":false},"excerpt":{"rendered":"<p><strong>Efect antiviral, antibacterian. Fortifica imunitatea. Asigura rezistenta crescuta la imbolnaviri. Scurteaza convalescenta.<\/strong><\/p>\n<div class=\"extract\"><\/div>\n","protected":false},"featured_media":451,"comment_status":"open","ping_status":"closed","template":"","meta":{"_glsr_average":0,"_glsr_ranking":0,"_glsr_reviews":0},"product_brand":[49],"product_cat":[409],"product_tag":[160,159,21,19,157,158,16],"class_list":{"0":"post-450","1":"product","2":"type-product","3":"status-publish","4":"has-post-thumbnail","6":"product_brand-cosmo-pharm","7":"product_cat-imunitate","8":"product_tag-gripa","9":"product_tag-impotriva-racelilor","10":"product_tag-intarirea-imunitatii","11":"product_tag-raceala","12":"product_tag-stimularea-imunitatii","13":"product_tag-suplimenty-alimentar","14":"product_tag-vitamina-c","16":"first","17":"instock","18":"sale","19":"purchasable","20":"product-type-simple"},"jetpack_sharing_enabled":true,"jetpack-related-posts":[{"id":1136,"url":"https:\/\/vittalis.ro\/?product=propolis-vitamina-c-30-tablete-parapharm-2","url_meta":{"origin":450,"position":0},"title":"Propolis + Vitamina C, 30 tablete, Parapharm","author":"denisa","date":"februarie 11, 2026","format":false,"excerpt":"Propolis \u0219i Vitamina C ParaPharm este un supliment alimentar pentru sus\u021binerea sistemului imunitar, cu efect antioxidant \u0219i protector asupra organismului. Combina\u021bia dintre extractul uscat de propolis, surs\u0103 natural\u0103 de bioflavonoide, \u0219i vitamina C\u00a0 contribuie la cre\u0219terea rezisten\u021bei organismului fa\u021b\u0103 de infec\u021bii, sus\u021bine randamentul fizic \u0219i protejeaz\u0103 celulele \u00eempotriva stresului oxidativ.","rel":"","context":"Articol similar","block_context":{"text":"Articol similar","link":""},"img":{"alt_text":"Propolis + Vitamina C, 30 tablete, Parapharm","src":"https:\/\/i0.wp.com\/vittalis.ro\/wp-content\/uploads\/2026\/02\/1664044781.webp?resize=350%2C200&ssl=1","width":350,"height":200},"classes":[]},{"id":502,"url":"https:\/\/vittalis.ro\/?product=probiotic-pentru-refacerea-florei-intestinale","url_meta":{"origin":450,"position":1},"title":"Probiotic Complex \u2013 Probiotice naturale pentru refacerea florei intestinale","author":"denisa","date":"decembrie 21, 2025","format":false,"excerpt":"Probiotice naturale: capsule pentru refacerea florei intestinale \u2013 10 miliarde UFC:\u00a0Suplimentul reface flora si regleaza tranzitul. Creste imunitatea organismului. Opreste dezvoltarea bacteriilor nocive.","rel":"","context":"Articol similar","block_context":{"text":"Articol similar","link":""},"img":{"alt_text":"Probiotic Complex \u2013 Probiotice naturale pentru refacerea florei intestinale","src":"https:\/\/i0.wp.com\/vittalis.ro\/wp-content\/uploads\/2025\/12\/Probiotic-Complex-20-copy.webp?resize=350%2C200&ssl=1","width":350,"height":200,"srcset":"https:\/\/i0.wp.com\/vittalis.ro\/wp-content\/uploads\/2025\/12\/Probiotic-Complex-20-copy.webp?resize=350%2C200&ssl=1 1x, https:\/\/i0.wp.com\/vittalis.ro\/wp-content\/uploads\/2025\/12\/Probiotic-Complex-20-copy.webp?resize=525%2C300&ssl=1 1.5x"},"classes":[]},{"id":1128,"url":"https:\/\/vittalis.ro\/?product=curcuma-500-30-capsule-parapharm-2","url_meta":{"origin":450,"position":2},"title":"Curcuma 500, 30 capsule, Parapharm","author":"denisa","date":"februarie 10, 2026","format":false,"excerpt":"Curcuma 500 + Seleniu, Parapharm \u2013 Supliment alimentar cu extract de r\u0103d\u0103cin\u0103 de curcum\u0103 500 mg \u0219i seleniu 55 \u00b5g. Ac\u021bioneaz\u0103 ca antioxidant puternic, protejeaz\u0103 celulele \u00eempotriva stresului oxidativ, sus\u021bine sistemul imunitar, func\u021bia tiroidei, s\u0103n\u0103tatea p\u0103rului \u0219i unghiilor, \u0219i spermatogeneza normal\u0103. Se administreaz\u0103 1 capsul\u0103 pe zi, \u00een timpul mesei,\u2026","rel":"","context":"Articol similar","block_context":{"text":"Articol similar","link":""},"img":{"alt_text":"Curcuma 500, 30 capsule, Parapharm","src":"https:\/\/i0.wp.com\/vittalis.ro\/wp-content\/uploads\/2026\/02\/1604845803.webp?resize=350%2C200&ssl=1","width":350,"height":200},"classes":[]},{"id":1125,"url":"https:\/\/vittalis.ro\/?product=vitamina-d-2400-30-capsule-parapharm-2","url_meta":{"origin":450,"position":3},"title":"Vitamina D 2400, 30 capsule, Parapharm","author":"denisa","date":"februarie 10, 2026","format":false,"excerpt":"Vitamina D 2400 UI Parapharm sus\u021bine s\u0103n\u0103tatea oaselor, a mu\u0219chilor \u0219i a din\u021bilor, contribuie la func\u021bionarea normal\u0103 a sistemului imunitar \u0219i protejeaz\u0103 celulele \u00eempotriva stresului oxidativ. Fiecare capsul\u0103 con\u021bine colecalciferol, vitamina E \u0219i ulei de rapi\u021b\u0103, pentru o absorb\u021bie optim\u0103. Se recomand\u0103 o capsul\u0103 pe zi, dup\u0103 mas\u0103, fiind ideal\u0103\u2026","rel":"","context":"Articol similar","block_context":{"text":"Articol similar","link":""},"img":{"alt_text":"Vitamina D 2400, 30 capsule, Parapharm","src":"https:\/\/i0.wp.com\/vittalis.ro\/wp-content\/uploads\/2026\/02\/vitamina-d-2400-30-capsule-parapharm.webp?resize=350%2C200&ssl=1","width":350,"height":200,"srcset":"https:\/\/i0.wp.com\/vittalis.ro\/wp-content\/uploads\/2026\/02\/vitamina-d-2400-30-capsule-parapharm.webp?resize=350%2C200&ssl=1 1x, https:\/\/i0.wp.com\/vittalis.ro\/wp-content\/uploads\/2026\/02\/vitamina-d-2400-30-capsule-parapharm.webp?resize=525%2C300&ssl=1 1.5x, https:\/\/i0.wp.com\/vittalis.ro\/wp-content\/uploads\/2026\/02\/vitamina-d-2400-30-capsule-parapharm.webp?resize=700%2C400&ssl=1 2x"},"classes":[]},{"id":1141,"url":"https:\/\/vittalis.ro\/?product=detrical-vitamina-d3-1000-ui-zdrovit","url_meta":{"origin":450,"position":4},"title":"Detrical Vitamina D3 1000 UI, 60 comprimate, Zdrovit","author":"denisa","date":"februarie 11, 2026","format":false,"excerpt":"Detrical Vitamina D3 1000 UI este un supliment alimentar care asigur\u0103 aportul zilnic de vitamina D3, esen\u021bial\u0103 pentru sus\u021binerea sistemului imunitar, absorb\u021bia calciului \u0219i men\u021binerea s\u0103n\u0103t\u0103\u021bii oaselor, din\u021bilor \u0219i mu\u0219chilor, fiind ideal mai ales \u00een perioadele cu expunere redus\u0103 la soare.","rel":"","context":"Articol similar","block_context":{"text":"Articol similar","link":""},"img":{"alt_text":"Detrical Vitamina D3 1000 UI, 60 comprimate, Zdrovit","src":"https:\/\/i0.wp.com\/vittalis.ro\/wp-content\/uploads\/2026\/02\/11622.webp?resize=350%2C200&ssl=1","width":350,"height":200,"srcset":"https:\/\/i0.wp.com\/vittalis.ro\/wp-content\/uploads\/2026\/02\/11622.webp?resize=350%2C200&ssl=1 1x, https:\/\/i0.wp.com\/vittalis.ro\/wp-content\/uploads\/2026\/02\/11622.webp?resize=525%2C300&ssl=1 1.5x, https:\/\/i0.wp.com\/vittalis.ro\/wp-content\/uploads\/2026\/02\/11622.webp?resize=700%2C400&ssl=1 2x"},"classes":[]},{"id":1132,"url":"https:\/\/vittalis.ro\/?product=molekin-imuno-30-comprimate-zdrovit-2","url_meta":{"origin":450,"position":5},"title":"Molekin Imuno, 30 comprimate, Zdrovit","author":"denisa","date":"februarie 11, 2026","format":false,"excerpt":"Molekin Imuno este un supliment alimentar cu Vitamina C, Vitamina D3 \u0219i Zinc, conceput pentru a sus\u021bine sistemul imunitar, a proteja celulele de stresul oxidativ \u0219i a sprijini s\u0103n\u0103tatea oaselor \u0219i a mu\u0219chilor. Datorit\u0103 tehnologiei MRS cu eliberare treptat\u0103, asigur\u0103 o absorb\u021bie eficient\u0103 \u0219i de durat\u0103. Este potrivit pentru vegani,\u2026","rel":"","context":"Cu un comentariu","block_context":{"text":"Cu un comentariu","link":"https:\/\/vittalis.ro\/?product=molekin-imuno-30-comprimate-zdrovit-2#comments"},"img":{"alt_text":"Molekin Imuno, 30 comprimate, Zdrovit","src":"https:\/\/i0.wp.com\/vittalis.ro\/wp-content\/uploads\/2026\/02\/27245.webp?resize=350%2C200&ssl=1","width":350,"height":200,"srcset":"https:\/\/i0.wp.com\/vittalis.ro\/wp-content\/uploads\/2026\/02\/27245.webp?resize=350%2C200&ssl=1 1x, https:\/\/i0.wp.com\/vittalis.ro\/wp-content\/uploads\/2026\/02\/27245.webp?resize=525%2C300&ssl=1 1.5x, https:\/\/i0.wp.com\/vittalis.ro\/wp-content\/uploads\/2026\/02\/27245.webp?resize=700%2C400&ssl=1 2x"},"classes":[]}],"post_mailing_queue_ids":[],"_links":{"self":[{"href":"https:\/\/vittalis.ro\/index.php?rest_route=\/wp\/v2\/product\/450","targetHints":{"allow":["GET"]}}],"collection":[{"href":"https:\/\/vittalis.ro\/index.php?rest_route=\/wp\/v2\/product"}],"about":[{"href":"https:\/\/vittalis.ro\/index.php?rest_route=\/wp\/v2\/types\/product"}],"replies":[{"embeddable":true,"href":"https:\/\/vittalis.ro\/index.php?rest_route=%2Fwp%2Fv2%2Fcomments&post=450"}],"wp:featuredmedia":[{"embeddable":true,"href":"https:\/\/vittalis.ro\/index.php?rest_route=\/wp\/v2\/media\/451"}],"wp:attachment":[{"href":"https:\/\/vittalis.ro\/index.php?rest_route=%2Fwp%2Fv2%2Fmedia&parent=450"}],"wp:term":[{"taxonomy":"product_brand","embeddable":true,"href":"https:\/\/vittalis.ro\/index.php?rest_route=%2Fwp%2Fv2%2Fproduct_brand&post=450"},{"taxonomy":"product_cat","embeddable":true,"href":"https:\/\/vittalis.ro\/index.php?rest_route=%2Fwp%2Fv2%2Fproduct_cat&post=450"},{"taxonomy":"product_tag","embeddable":true,"href":"https:\/\/vittalis.ro\/index.php?rest_route=%2Fwp%2Fv2%2Fproduct_tag&post=450"}],"curies":[{"name":"wp","href":"https:\/\/api.w.org\/{rel}","templated":true}]}}