{"id":1138,"date":"2026-02-11T07:42:54","date_gmt":"2026-02-11T07:42:54","guid":{"rendered":"https:\/\/vittalis.ro\/?post_type=product&#038;p=1138"},"modified":"2026-02-11T07:48:18","modified_gmt":"2026-02-11T07:48:18","slug":"brusture-30-capsule-parapharm-2","status":"publish","type":"product","link":"https:\/\/vittalis.ro\/?product=brusture-30-capsule-parapharm-2","title":{"rendered":"Brusture, 30 capsule, Parapharm"},"content":{"rendered":"<h4 style=\"text-align: justify;\" data-start=\"240\" data-end=\"304\">Brusture \u2013 extract standardizat din r\u0103d\u0103cin\u0103 (Arctium lappa), un supliment alimentar cu multiple beneficii pentru organism. Sus\u021bine eliminarea toxinelor, s\u0103n\u0103tatea pielii, ficatului \u0219i rinichilor, contribuind la men\u021binerea echilibrului intern \u0219i a st\u0103rii generale de bine.<\/h4>\n<p style=\"text-align: justify;\" data-start=\"306\" data-end=\"781\">Produsul pe baz\u0103 de <strong data-start=\"326\" data-end=\"397\">extract uscat standardizat din r\u0103d\u0103cin\u0103 de brusture (Arctium lappa)<\/strong> valorific\u0103 propriet\u0103\u021bile unei plante recunoscute \u0219i utilizate de secole \u00een medicina popular\u0103 pentru sus\u021binerea proceselor naturale de cur\u0103\u021bare \u0219i echilibrare ale organismului. Brusturele este apreciat \u00een mod tradi\u021bional ca un adev\u0103rat \u201epurificator al s\u00e2ngelui\u201d, fiind folosit pentru men\u021binerea s\u0103n\u0103t\u0103\u021bii interne \u0219i pentru sus\u021binerea unui aspect curat \u0219i s\u0103n\u0103tos al pielii \u0219i p\u0103rului.<\/p>\n<p style=\"text-align: justify;\" data-start=\"783\" data-end=\"1150\">Datorit\u0103 compozi\u021biei sale bogate \u00een principii active, brusturele este cunoscut pentru <strong data-start=\"869\" data-end=\"908\">efectele sale detoxifiante generale<\/strong>, care se manifest\u0103 gradual \u0219i pe termen lung. Acesta sus\u021bine activitatea organelor implicate \u00een procesele de eliminare a toxinelor, precum ficatul, rinichii \u0219i vezica biliar\u0103, contribuind la men\u021binerea echilibrului metabolic al organismului.<\/p>\n<hr data-start=\"1152\" data-end=\"1155\" \/>\n<h4 style=\"text-align: justify;\" data-start=\"1157\" data-end=\"1202\">Rolul brusturelui \u00een men\u021binerea s\u0103n\u0103t\u0103\u021bii<\/h4>\n<p style=\"text-align: justify;\" data-start=\"1204\" data-end=\"1575\">\u00cen fitoterapia tradi\u021bional\u0103, brusturele este utilizat ca adjuvant \u00eentr-o gam\u0103 larg\u0103 de situa\u021bii, de la tulbur\u0103ri ale pielii \u0219i disconfort metabolic, p\u00e2n\u0103 la sus\u021binerea func\u021biilor de eliminare ale organismului. Prin ac\u021biunea sa complex\u0103, planta sprijin\u0103 procesele naturale de detoxifiere, ajut\u00e2nd la eliminarea substan\u021belor reziduale \u0219i a excesului de fluide din organism.<\/p>\n<p style=\"text-align: justify;\" data-start=\"1577\" data-end=\"1888\">Administrat pe termen lung, extractul de brusture poate contribui la men\u021binerea unei bune func\u021bion\u0103ri a ficatului \u0219i rinichilor, organe-cheie \u00een filtrarea \u0219i eliminarea toxinelor. De asemenea, este apreciat pentru rolul s\u0103u adjuvant \u00een men\u021binerea echilibrului metabolic \u0219i \u00een sus\u021binerea st\u0103rii generale de bine.<\/p>\n<hr data-start=\"1890\" data-end=\"1893\" \/>\n<h4 style=\"text-align: justify;\" data-start=\"1895\" data-end=\"1928\">Beneficii \u0219i efecte adjuvante<\/h4>\n<p style=\"text-align: justify;\" data-start=\"1930\" data-end=\"2040\">Extractul standardizat din r\u0103d\u0103cin\u0103 de brusture are o ac\u021biune complex\u0103, datorit\u0103 propriet\u0103\u021bilor sale multiple:<\/p>\n<ul style=\"text-align: justify;\" data-start=\"2042\" data-end=\"2903\">\n<li data-start=\"2042\" data-end=\"2166\">\n<p data-start=\"2044\" data-end=\"2166\"><strong data-start=\"2044\" data-end=\"2059\">Antioxidant<\/strong> \u2013 contribuie la neutralizarea radicalilor liberi \u0219i la protejarea celulelor \u00eempotriva stresului oxidativ<\/p>\n<\/li>\n<li data-start=\"2167\" data-end=\"2273\">\n<p data-start=\"2169\" data-end=\"2273\"><strong data-start=\"2169\" data-end=\"2211\">Antibacterian, antifungic \u0219i antiviral<\/strong> \u2013 sprijin\u0103 mecanismele naturale de ap\u0103rare ale organismului<\/p>\n<\/li>\n<li data-start=\"2274\" data-end=\"2395\">\n<p data-start=\"2276\" data-end=\"2395\"><strong data-start=\"2276\" data-end=\"2291\">Antipiretic<\/strong> \u2013 utilizat tradi\u021bional pentru sus\u021binerea organismului \u00een perioadele cu temperatur\u0103 corporal\u0103 crescut\u0103<\/p>\n<\/li>\n<li data-start=\"2396\" data-end=\"2493\">\n<p data-start=\"2398\" data-end=\"2493\"><strong data-start=\"2398\" data-end=\"2439\">Sus\u021bine s\u0103n\u0103tatea c\u0103ilor respiratorii<\/strong> \u2013 favorizeaz\u0103 fluidificarea \u0219i eliminarea mucusului<\/p>\n<\/li>\n<li data-start=\"2494\" data-end=\"2608\">\n<p data-start=\"2496\" data-end=\"2608\"><strong data-start=\"2496\" data-end=\"2511\">Detoxifiant<\/strong> \u2013 contribuie la cur\u0103\u021barea s\u00e2ngelui \u0219i la sus\u021binerea func\u021biilor ficatului, rinichilor \u0219i pielii<\/p>\n<\/li>\n<li data-start=\"2609\" data-end=\"2675\">\n<p data-start=\"2611\" data-end=\"2675\"><strong data-start=\"2611\" data-end=\"2673\">Ajut\u0103 la eliminarea excesului de fluide \u0219i a acidului uric<\/strong><\/p>\n<\/li>\n<li data-start=\"2676\" data-end=\"2774\">\n<p data-start=\"2678\" data-end=\"2774\"><strong data-start=\"2678\" data-end=\"2723\">Regleaz\u0103 activitatea glandelor sudoripare<\/strong>, at\u00e2t \u00een caz de secre\u021bie excesiv\u0103, c\u00e2t \u0219i redus\u0103<\/p>\n<\/li>\n<li data-start=\"2775\" data-end=\"2903\">\n<p data-start=\"2777\" data-end=\"2903\"><strong data-start=\"2777\" data-end=\"2820\">Sus\u021bine procesele naturale de vindecare<\/strong> ale pielii, fiind utilizat tradi\u021bional ca adjuvant \u00een cazul r\u0103nilor \u0219i abceselor<\/p>\n<\/li>\n<\/ul>\n<p style=\"text-align: justify;\" data-start=\"2905\" data-end=\"3105\">Prin aceste efecte, brusturele este adesea asociat cu men\u021binerea unui aspect s\u0103n\u0103tos al pielii, fiind utilizat \u00een mod tradi\u021bional \u00een cazul pielii cu tendin\u021b\u0103 acneic\u0103, impurit\u0103\u021bi sau alte dezechilibre.<\/p>\n<hr data-start=\"3107\" data-end=\"3110\" \/>\n<h4 style=\"text-align: justify;\" data-start=\"3112\" data-end=\"3143\">De ce extract standardizat?<\/h4>\n<h4 style=\"text-align: justify;\" data-start=\"3145\" data-end=\"3405\">Extractul standardizat 10:1 asigur\u0103 o <strong data-start=\"3183\" data-end=\"3229\">concentra\u021bie constant\u0103 de principii active<\/strong>, oferind un aport controlat \u0219i eficient. Aceast\u0103 form\u0103 permite administrarea unei cantit\u0103\u021bi optime de substan\u021be benefice \u00eentr-o singur\u0103 capsul\u0103, facilit\u00e2nd utilizarea zilnic\u0103.<\/h4>\n<hr data-start=\"3107\" data-end=\"3110\" \/>\n<h4 data-start=\"0\" data-end=\"34\">Este recomandat \u00een special pentru:<\/h4>\n<ul data-start=\"36\" data-end=\"715\">\n<li data-start=\"36\" data-end=\"137\">\n<p data-start=\"38\" data-end=\"137\">Persoane care doresc <strong data-start=\"59\" data-end=\"88\">detoxifierea organismului<\/strong> \u0219i sus\u021binerea proceselor naturale de eliminare<\/p>\n<\/li>\n<li data-start=\"138\" data-end=\"272\">\n<p data-start=\"140\" data-end=\"272\">Persoane cu <strong data-start=\"152\" data-end=\"175\">probleme ale pielii<\/strong> (ten acneic, impurit\u0103\u021bi, piele cu aspect tern), care \u00ee\u0219i doresc un aspect mai curat \u0219i s\u0103n\u0103tos<\/p>\n<\/li>\n<li data-start=\"273\" data-end=\"354\">\n<p data-start=\"275\" data-end=\"354\">Persoane cu <strong data-start=\"287\" data-end=\"310\">reten\u021bie de lichide<\/strong> sau tendin\u021b\u0103 de acumulare a acidului uric<\/p>\n<\/li>\n<li data-start=\"355\" data-end=\"443\">\n<p data-start=\"357\" data-end=\"443\">Persoane care doresc s\u0103 sus\u021bin\u0103 <strong data-start=\"389\" data-end=\"441\">func\u021bia ficatului, rinichilor \u0219i vezicii biliare<\/strong><\/p>\n<\/li>\n<li data-start=\"444\" data-end=\"546\">\n<p data-start=\"446\" data-end=\"546\">Persoane cu <strong data-start=\"458\" data-end=\"494\">transpira\u021bie excesiv\u0103 sau redus\u0103<\/strong>, pentru reglarea activit\u0103\u021bii glandelor sudoripare<\/p>\n<\/li>\n<li data-start=\"547\" data-end=\"625\">\n<p data-start=\"549\" data-end=\"625\">Persoane expuse frecvent la <strong data-start=\"577\" data-end=\"606\">factori de stres oxidativ<\/strong> sau mediu poluat<\/p>\n<\/li>\n<li data-start=\"626\" data-end=\"715\">\n<p data-start=\"628\" data-end=\"715\">Persoane care urmeaz\u0103 <strong data-start=\"650\" data-end=\"673\">cure de detoxifiere<\/strong> sau perioade de refacere a organismului<\/p>\n<\/li>\n<\/ul>\n<hr data-start=\"3407\" data-end=\"3410\" \/>\n<h4 style=\"text-align: justify;\" data-start=\"3412\" data-end=\"3438\">Compozi\u021bie per capsul\u0103<\/h4>\n<ul style=\"text-align: justify;\" data-start=\"3439\" data-end=\"3520\">\n<li data-start=\"3439\" data-end=\"3520\">\n<p data-start=\"3441\" data-end=\"3520\">Extract standardizat 10:1 din r\u0103d\u0103cin\u0103 de brusture (Arctium lappa) \u2013 <strong data-start=\"3510\" data-end=\"3520\">450 mg<\/strong><\/p>\n<\/li>\n<\/ul>\n<hr data-start=\"3522\" data-end=\"3525\" \/>\n<h4 style=\"text-align: justify;\" data-start=\"3527\" data-end=\"3550\">Mod de administrare<\/h4>\n<p style=\"text-align: justify;\" data-start=\"3551\" data-end=\"3741\">Se recomand\u0103 consumul a <strong data-start=\"3575\" data-end=\"3594\">1 capsul\u0103 pe zi<\/strong>, cu un pahar de lichid (ap\u0103 mineral\u0103), de preferin\u021b\u0103 pe stomacul gol, \u00eentre mesele principale.<br data-start=\"3689\" data-end=\"3692\" \/>Nu se recomand\u0103 dep\u0103\u0219irea dozei zilnice indicate.<\/p>\n<hr data-start=\"3743\" data-end=\"3746\" \/>\n<h4 style=\"text-align: justify;\" data-start=\"3748\" data-end=\"3762\">Prezentare<\/h4>\n<p style=\"text-align: justify;\" data-start=\"3763\" data-end=\"3803\">Cutie cu <strong data-start=\"3772\" data-end=\"3803\">30 capsule gelatinoase tari<\/strong><\/p>\n<p>&nbsp;<\/p>\n<hr data-start=\"4671\" data-end=\"4674\" \/>\n<p style=\"text-align: center;\"><a href=\"https:\/\/www.facebook.com\/profile.php?id=61586010988472\" rel=\"nofollow noopener\" target=\"_blank\"><img decoding=\"async\" class=\"alignnone wp-image-953\" src=\"https:\/\/vittalis.ro\/wp-content\/uploads\/2025\/12\/1-300x300.png\" alt=\"\" width=\"51\" height=\"51\" srcset=\"https:\/\/vittalis.ro\/wp-content\/uploads\/2025\/12\/1-300x300.png 300w, https:\/\/vittalis.ro\/wp-content\/uploads\/2025\/12\/1-150x150.png 150w, https:\/\/vittalis.ro\/wp-content\/uploads\/2025\/12\/1-100x100.png 100w, https:\/\/vittalis.ro\/wp-content\/uploads\/2025\/12\/1-50x50.png 50w, https:\/\/vittalis.ro\/wp-content\/uploads\/2025\/12\/1.png 500w\" sizes=\"(max-width: 51px) 100vw, 51px\" \/><\/a> <a href=\"https:\/\/www.instagram.com\/vittalis.suplimentealimentare?igsh=MTBocHY0cXVta2dlcg%3D%3D\" rel=\"nofollow noopener\" target=\"_blank\"><img decoding=\"async\" class=\"alignnone wp-image-954\" src=\"https:\/\/vittalis.ro\/wp-content\/uploads\/2025\/12\/2-300x300.png\" alt=\"\" width=\"50\" height=\"50\" srcset=\"https:\/\/vittalis.ro\/wp-content\/uploads\/2025\/12\/2-300x300.png 300w, https:\/\/vittalis.ro\/wp-content\/uploads\/2025\/12\/2-150x150.png 150w, https:\/\/vittalis.ro\/wp-content\/uploads\/2025\/12\/2-100x100.png 100w, https:\/\/vittalis.ro\/wp-content\/uploads\/2025\/12\/2-50x50.png 50w, https:\/\/vittalis.ro\/wp-content\/uploads\/2025\/12\/2.png 500w\" sizes=\"(max-width: 50px) 100vw, 50px\" \/><\/a> <a href=\"https:\/\/www.tiktok.com\/@vittalis.ro\"><img decoding=\"async\" class=\"alignnone wp-image-955\" src=\"https:\/\/vittalis.ro\/wp-content\/uploads\/2025\/12\/3-300x300.png\" alt=\"\" width=\"56\" height=\"56\" srcset=\"https:\/\/vittalis.ro\/wp-content\/uploads\/2025\/12\/3-300x300.png 300w, https:\/\/vittalis.ro\/wp-content\/uploads\/2025\/12\/3-150x150.png 150w, https:\/\/vittalis.ro\/wp-content\/uploads\/2025\/12\/3-100x100.png 100w, https:\/\/vittalis.ro\/wp-content\/uploads\/2025\/12\/3-50x50.png 50w, https:\/\/vittalis.ro\/wp-content\/uploads\/2025\/12\/3.png 500w\" sizes=\"(max-width: 56px) 100vw, 56px\" \/><\/a> <a href=\"https:\/\/www.youtube.com\/channel\/UCt7ysxXRoHT4Amyd_FOoegA\" rel=\"nofollow noopener\" target=\"_blank\"><img loading=\"lazy\" decoding=\"async\" class=\"alignnone wp-image-956\" src=\"https:\/\/vittalis.ro\/wp-content\/uploads\/2025\/12\/4-300x300.png\" alt=\"\" width=\"52\" height=\"52\" srcset=\"https:\/\/vittalis.ro\/wp-content\/uploads\/2025\/12\/4-300x300.png 300w, https:\/\/vittalis.ro\/wp-content\/uploads\/2025\/12\/4-150x150.png 150w, https:\/\/vittalis.ro\/wp-content\/uploads\/2025\/12\/4-100x100.png 100w, https:\/\/vittalis.ro\/wp-content\/uploads\/2025\/12\/4-50x50.png 50w, https:\/\/vittalis.ro\/wp-content\/uploads\/2025\/12\/4.png 500w\" sizes=\"(max-width: 52px) 100vw, 52px\" \/><\/a><\/p>\n<hr data-start=\"4671\" data-end=\"4674\" \/>\n<p>&nbsp;<\/p>\n<p><a href=\"https:\/\/vittalis.ro\/?page_id=640\"><img loading=\"lazy\" decoding=\"async\" class=\"alignnone wp-image-960\" src=\"https:\/\/vittalis.ro\/wp-content\/uploads\/2025\/12\/Red-ad-Beige-Bold-Modern-Professional-Business-Pitch-Deck-Presentation-1-300x108.png\" alt=\"\" width=\"165\" height=\"59\" srcset=\"https:\/\/vittalis.ro\/wp-content\/uploads\/2025\/12\/Red-ad-Beige-Bold-Modern-Professional-Business-Pitch-Deck-Presentation-1-300x108.png 300w, https:\/\/vittalis.ro\/wp-content\/uploads\/2025\/12\/Red-ad-Beige-Bold-Modern-Professional-Business-Pitch-Deck-Presentation-1-1024x370.png 1024w, https:\/\/vittalis.ro\/wp-content\/uploads\/2025\/12\/Red-ad-Beige-Bold-Modern-Professional-Business-Pitch-Deck-Presentation-1-768x277.png 768w, https:\/\/vittalis.ro\/wp-content\/uploads\/2025\/12\/Red-ad-Beige-Bold-Modern-Professional-Business-Pitch-Deck-Presentation-1-1536x554.png 1536w, https:\/\/vittalis.ro\/wp-content\/uploads\/2025\/12\/Red-ad-Beige-Bold-Modern-Professional-Business-Pitch-Deck-Presentation-1-1320x476.png 1320w, https:\/\/vittalis.ro\/wp-content\/uploads\/2025\/12\/Red-ad-Beige-Bold-Modern-Professional-Business-Pitch-Deck-Presentation-1-600x217.png 600w, https:\/\/vittalis.ro\/wp-content\/uploads\/2025\/12\/Red-ad-Beige-Bold-Modern-Professional-Business-Pitch-Deck-Presentation-1.png 1920w\" sizes=\"(max-width: 165px) 100vw, 165px\" \/><\/a><\/p>\n<p class=\"entry-title\" style=\"text-align: left;\"><span style=\"text-decoration: underline;\"><strong><span style=\"color: #000000; text-decoration: underline;\"><a style=\"color: #000000; text-decoration: underline;\" href=\"https:\/\/vittalis.ro\/?p=637\">Vitamina C lipozomal\u0103 \u2013 absorb\u021bie superioar\u0103, imunitate puternic\u0103 \u0219i beneficii extinse pentru s\u0103n\u0103tate<\/a><\/span><\/strong><\/span><\/p>\n<p class=\"entry-title\" style=\"text-align: left;\"><span style=\"text-decoration: underline;\"><span style=\"color: #000000; text-decoration: underline;\"><a style=\"color: #000000; text-decoration: underline;\" href=\"https:\/\/vittalis.ro\/?p=617\"><strong>Colagenul \u2013 beneficii, rol \u00een organism, tipuri \u0219i surse naturale<\/strong><\/a><\/span><\/span><\/p>\n<p class=\"entry-title\" style=\"text-align: left;\"><span style=\"text-decoration: underline;\"><a href=\"https:\/\/vittalis.ro\/?p=715\"><span style=\"color: #000000; text-decoration: underline;\"><strong>Magneziu bisglicinat: beneficii, propriet\u0103\u021bi \u0219i utiliz\u0103ri esen\u021biale pentru s\u0103n\u0103tate<\/strong><\/span><\/a><\/span><\/p>\n<p>&nbsp;<\/p>\n<p>&nbsp;<\/p>\n","protected":false},"excerpt":{"rendered":"<p style=\"text-align: justify;\"><strong data-start=\"12\" data-end=\"40\">Brusture (Arctium lappa)<\/strong> este un supliment alimentar pe baz\u0103 de extract standardizat din r\u0103d\u0103cin\u0103, recunoscut pentru efectul s\u0103u detoxifiant asupra organismului. Sus\u021bine func\u021bionarea ficatului \u0219i rinichilor, contribuie la cur\u0103\u021barea s\u00e2ngelui \u0219i la men\u021binerea s\u0103n\u0103t\u0103\u021bii pielii, fiind utilizat tradi\u021bional pentru purificare \u0219i echilibru intern.<\/p>\n","protected":false},"featured_media":1081,"comment_status":"open","ping_status":"closed","template":"","meta":{"_glsr_average":0,"_glsr_ranking":0,"_glsr_reviews":0},"product_brand":[213],"product_cat":[15],"product_tag":[357,315,316,312,314,356,358],"class_list":{"0":"post-1138","1":"product","2":"type-product","3":"status-publish","4":"has-post-thumbnail","6":"product_brand-parapharm","7":"product_cat-uncategorized","8":"product_tag-brusture-capsule","9":"product_tag-brusture-ficat","10":"product_tag-brusture-fiere","11":"product_tag-brusture-pastile","12":"product_tag-brusture-pret","13":"product_tag-brusure-beneficii","14":"product_tag-planta-medicinala","16":"first","17":"instock","18":"sale","19":"shipping-taxable","20":"purchasable","21":"product-type-simple"},"jetpack_sharing_enabled":true,"jetpack-related-posts":[{"id":1151,"url":"https:\/\/vittalis.ro\/?product=bitter-suedez-30-30-capsule-parapharm","url_meta":{"origin":1138,"position":0},"title":"Bitter Suedez, 30 + 30 capsule, Parapharm","author":"denisa","date":"februarie 11, 2026","format":false,"excerpt":"Uleiul de pe\u0219te oceanic este o surs\u0103 bogat\u0103 de acizi gra\u0219i esen\u021biali omega 3 (EPA \u0219i DHA), care sus\u021bin s\u0103n\u0103tatea inimii, reduc colesterolul \u0219i trigliceridele \u0219i \u00eembun\u0103t\u0103\u021besc circula\u021bia sanguin\u0103. Contribuie la protec\u021bia vaselor de s\u00e2nge, la func\u021bionarea optim\u0103 a creierului \u0219i la s\u0103n\u0103tatea pielii, fiind util \u00een psoriazis \u0219i scleroz\u0103\u2026","rel":"","context":"Articol similar","block_context":{"text":"Articol similar","link":""},"img":{"alt_text":"Bitter Suedez, 30 + 30 capsule, Parapharm","src":"https:\/\/i0.wp.com\/vittalis.ro\/wp-content\/uploads\/2026\/02\/bitter-suedez-pachet-3030-capsule-11-parapharm.webp?resize=350%2C200&ssl=1","width":350,"height":200},"classes":[]},{"id":1148,"url":"https:\/\/vittalis.ro\/?product=ashwagandha-60-capsule-herbagetica-2","url_meta":{"origin":1138,"position":1},"title":"Ashwagandha 60 Capsule, Herbagetica","author":"denisa","date":"februarie 11, 2026","format":false,"excerpt":"Ashwagandha Extract Premium de la Herbagetica este un supliment natural adaptogen, bogat \u00een withanolide \u0219i alcaloizi, care ajut\u0103 organismul s\u0103 fac\u0103 fa\u021b\u0103 stresului \u0219i oboselii. Sus\u021bine s\u0103n\u0103tatea sistemului nervos, echilibreaz\u0103 nivelul de cortizol, \u00eembun\u0103t\u0103\u021be\u0219te starea de calm \u0219i concentrare, cre\u0219te energia \u0219i vitalitatea \u0219i favorizeaz\u0103 un somn odihnitor. Capsule 100%\u2026","rel":"","context":"Articol similar","block_context":{"text":"Articol similar","link":""},"img":{"alt_text":"","src":"https:\/\/i0.wp.com\/vittalis.ro\/wp-content\/uploads\/2025\/12\/1-300x300.png?resize=350%2C200&ssl=1","width":350,"height":200},"classes":[]},{"id":1128,"url":"https:\/\/vittalis.ro\/?product=curcuma-500-30-capsule-parapharm-2","url_meta":{"origin":1138,"position":2},"title":"Curcuma 500, 30 capsule, Parapharm","author":"denisa","date":"februarie 10, 2026","format":false,"excerpt":"Curcuma 500 + Seleniu, Parapharm \u2013 Supliment alimentar cu extract de r\u0103d\u0103cin\u0103 de curcum\u0103 500 mg \u0219i seleniu 55 \u00b5g. Ac\u021bioneaz\u0103 ca antioxidant puternic, protejeaz\u0103 celulele \u00eempotriva stresului oxidativ, sus\u021bine sistemul imunitar, func\u021bia tiroidei, s\u0103n\u0103tatea p\u0103rului \u0219i unghiilor, \u0219i spermatogeneza normal\u0103. Se administreaz\u0103 1 capsul\u0103 pe zi, \u00een timpul mesei,\u2026","rel":"","context":"Articol similar","block_context":{"text":"Articol similar","link":""},"img":{"alt_text":"Curcuma 500, 30 capsule, Parapharm","src":"https:\/\/i0.wp.com\/vittalis.ro\/wp-content\/uploads\/2026\/02\/1604845803.webp?resize=350%2C200&ssl=1","width":350,"height":200},"classes":[]},{"id":1144,"url":"https:\/\/vittalis.ro\/?product=antistres-alevia-30-comprimate","url_meta":{"origin":1138,"position":3},"title":"Antistres, Alevia, 30 comprimate","author":"denisa","date":"februarie 11, 2026","format":false,"excerpt":"Antistres Alevia este un supliment alimentar cu extract standardizat de sun\u0103toare, care ajut\u0103 la reducerea stresului \u0219i a nervozit\u0103\u021bii, sus\u021bine buna dispozi\u021bie \u0219i favorizeaz\u0103 un somn odihnitor, contribuind la men\u021binerea echilibrului emo\u021bional.","rel":"","context":"Articol similar","block_context":{"text":"Articol similar","link":""},"img":{"alt_text":"Antistres, Alevia, 30 comprimate","src":"https:\/\/i0.wp.com\/vittalis.ro\/wp-content\/uploads\/2026\/02\/Cutie_portocalie_Antistres_30cp_L_800px-600x600.jpg-1.webp?resize=350%2C200&ssl=1","width":350,"height":200,"srcset":"https:\/\/i0.wp.com\/vittalis.ro\/wp-content\/uploads\/2026\/02\/Cutie_portocalie_Antistres_30cp_L_800px-600x600.jpg-1.webp?resize=350%2C200&ssl=1 1x, https:\/\/i0.wp.com\/vittalis.ro\/wp-content\/uploads\/2026\/02\/Cutie_portocalie_Antistres_30cp_L_800px-600x600.jpg-1.webp?resize=525%2C300&ssl=1 1.5x"},"classes":[]},{"id":1133,"url":"https:\/\/vittalis.ro\/?product=biozinc-forte-parapharm-30-capsule","url_meta":{"origin":1138,"position":4},"title":"Biozinc Forte, Parapharm, 30 capsule","author":"denisa","date":"februarie 11, 2026","format":false,"excerpt":"Biozinc Forte Parapharm este un supliment alimentar cu zinc sub form\u0103 de picolinat, cu biodisponibilitate crescut\u0103, care sus\u021bine imunitatea, func\u021bia cognitiv\u0103, fertilitatea, s\u0103n\u0103tatea pielii, p\u0103rului \u0219i unghiilor, precum \u0219i metabolismul normal al organismului. Ideal pentru men\u021binerea echilibrului \u0219i vitalit\u0103\u021bii zilnice.","rel":"","context":"Articol similar","block_context":{"text":"Articol similar","link":""},"img":{"alt_text":"Biozinc Forte, Parapharm, 30 capsule","src":"https:\/\/i0.wp.com\/vittalis.ro\/wp-content\/uploads\/2026\/02\/biozinc-forte-30-capsule_10634_1_16666814776794-1090x1090-1.jpg?resize=350%2C200&ssl=1","width":350,"height":200,"srcset":"https:\/\/i0.wp.com\/vittalis.ro\/wp-content\/uploads\/2026\/02\/biozinc-forte-30-capsule_10634_1_16666814776794-1090x1090-1.jpg?resize=350%2C200&ssl=1 1x, https:\/\/i0.wp.com\/vittalis.ro\/wp-content\/uploads\/2026\/02\/biozinc-forte-30-capsule_10634_1_16666814776794-1090x1090-1.jpg?resize=525%2C300&ssl=1 1.5x, https:\/\/i0.wp.com\/vittalis.ro\/wp-content\/uploads\/2026\/02\/biozinc-forte-30-capsule_10634_1_16666814776794-1090x1090-1.jpg?resize=700%2C400&ssl=1 2x, https:\/\/i0.wp.com\/vittalis.ro\/wp-content\/uploads\/2026\/02\/biozinc-forte-30-capsule_10634_1_16666814776794-1090x1090-1.jpg?resize=1050%2C600&ssl=1 3x"},"classes":[]},{"id":1154,"url":"https:\/\/vittalis.ro\/?product=vitamina-a-10000-ui-30-capsule-parapharm-2","url_meta":{"origin":1138,"position":5},"title":"Vitamina A, 10000 Ui, 30 capsule, Parapharm","author":"denisa","date":"februarie 11, 2026","format":false,"excerpt":"Vitamina A 10000 UI \u2013 Parapharm este un supliment alimentar cu vitamina A natural\u0103 din morcovi \u0219i vitamina E, formulat pentru a sus\u021bine s\u0103n\u0103tatea ochilor, pielii \u0219i a sistemului imunitar. Vitamina A contribuie la men\u021binerea vederii normale \u0219i a mucoaselor s\u0103n\u0103toase, iar vitamina E protejeaz\u0103 celulele \u00eempotriva stresului oxidativ. Administrat\u0103\u2026","rel":"","context":"Articol similar","block_context":{"text":"Articol similar","link":""},"img":{"alt_text":"Vitamina A, 10000 Ui, 30 capsule, Parapharm","src":"https:\/\/i0.wp.com\/vittalis.ro\/wp-content\/uploads\/2026\/02\/vitamina-a-10000-ui-30-capsule-parapharm-4228-1090x1090-1.jpg?resize=350%2C200&ssl=1","width":350,"height":200,"srcset":"https:\/\/i0.wp.com\/vittalis.ro\/wp-content\/uploads\/2026\/02\/vitamina-a-10000-ui-30-capsule-parapharm-4228-1090x1090-1.jpg?resize=350%2C200&ssl=1 1x, https:\/\/i0.wp.com\/vittalis.ro\/wp-content\/uploads\/2026\/02\/vitamina-a-10000-ui-30-capsule-parapharm-4228-1090x1090-1.jpg?resize=525%2C300&ssl=1 1.5x, https:\/\/i0.wp.com\/vittalis.ro\/wp-content\/uploads\/2026\/02\/vitamina-a-10000-ui-30-capsule-parapharm-4228-1090x1090-1.jpg?resize=700%2C400&ssl=1 2x, https:\/\/i0.wp.com\/vittalis.ro\/wp-content\/uploads\/2026\/02\/vitamina-a-10000-ui-30-capsule-parapharm-4228-1090x1090-1.jpg?resize=1050%2C600&ssl=1 3x"},"classes":[]}],"post_mailing_queue_ids":[],"_links":{"self":[{"href":"https:\/\/vittalis.ro\/index.php?rest_route=\/wp\/v2\/product\/1138","targetHints":{"allow":["GET"]}}],"collection":[{"href":"https:\/\/vittalis.ro\/index.php?rest_route=\/wp\/v2\/product"}],"about":[{"href":"https:\/\/vittalis.ro\/index.php?rest_route=\/wp\/v2\/types\/product"}],"replies":[{"embeddable":true,"href":"https:\/\/vittalis.ro\/index.php?rest_route=%2Fwp%2Fv2%2Fcomments&post=1138"}],"wp:featuredmedia":[{"embeddable":true,"href":"https:\/\/vittalis.ro\/index.php?rest_route=\/wp\/v2\/media\/1081"}],"wp:attachment":[{"href":"https:\/\/vittalis.ro\/index.php?rest_route=%2Fwp%2Fv2%2Fmedia&parent=1138"}],"wp:term":[{"taxonomy":"product_brand","embeddable":true,"href":"https:\/\/vittalis.ro\/index.php?rest_route=%2Fwp%2Fv2%2Fproduct_brand&post=1138"},{"taxonomy":"product_cat","embeddable":true,"href":"https:\/\/vittalis.ro\/index.php?rest_route=%2Fwp%2Fv2%2Fproduct_cat&post=1138"},{"taxonomy":"product_tag","embeddable":true,"href":"https:\/\/vittalis.ro\/index.php?rest_route=%2Fwp%2Fv2%2Fproduct_tag&post=1138"}],"curies":[{"name":"wp","href":"https:\/\/api.w.org\/{rel}","templated":true}]}}