{"id":158,"date":"2025-12-18T13:07:54","date_gmt":"2025-12-18T13:07:54","guid":{"rendered":"https:\/\/vittalis.ro\/?page_id=158"},"modified":"2026-01-04T11:54:45","modified_gmt":"2026-01-04T11:54:45","slug":"2-columns","status":"publish","type":"page","link":"https:\/\/vittalis.ro\/?page_id=158","title":{"rendered":"Contact"},"content":{"rendered":"<p><a href=\"https:\/\/vittalis.ro\/wp-content\/uploads\/2026\/01\/contact-vittalis-suplimente-alimentare-scaled.png\"><img fetchpriority=\"high\" decoding=\"async\" class=\"wp-image-846 aligncenter\" src=\"https:\/\/vittalis.ro\/wp-content\/uploads\/2026\/01\/contact-vittalis-suplimente-alimentare-300x300.png\" alt=\"\" width=\"633\" height=\"633\" srcset=\"https:\/\/vittalis.ro\/wp-content\/uploads\/2026\/01\/contact-vittalis-suplimente-alimentare-300x300.png 300w, https:\/\/vittalis.ro\/wp-content\/uploads\/2026\/01\/contact-vittalis-suplimente-alimentare-1024x1024.png 1024w, https:\/\/vittalis.ro\/wp-content\/uploads\/2026\/01\/contact-vittalis-suplimente-alimentare-150x150.png 150w, https:\/\/vittalis.ro\/wp-content\/uploads\/2026\/01\/contact-vittalis-suplimente-alimentare-768x768.png 768w, https:\/\/vittalis.ro\/wp-content\/uploads\/2026\/01\/contact-vittalis-suplimente-alimentare-1536x1536.png 1536w, https:\/\/vittalis.ro\/wp-content\/uploads\/2026\/01\/contact-vittalis-suplimente-alimentare-2048x2048.png 2048w, https:\/\/vittalis.ro\/wp-content\/uploads\/2026\/01\/contact-vittalis-suplimente-alimentare-1320x1320.png 1320w, https:\/\/vittalis.ro\/wp-content\/uploads\/2026\/01\/contact-vittalis-suplimente-alimentare-600x600.png 600w, https:\/\/vittalis.ro\/wp-content\/uploads\/2026\/01\/contact-vittalis-suplimente-alimentare-100x100.png 100w, https:\/\/vittalis.ro\/wp-content\/uploads\/2026\/01\/contact-vittalis-suplimente-alimentare-50x50.png 50w\" sizes=\"(max-width: 633px) 100vw, 633px\" \/><\/a><\/p>\n","protected":false},"excerpt":{"rendered":"","protected":false},"author":1,"featured_media":0,"parent":0,"menu_order":0,"comment_status":"closed","ping_status":"closed","template":"","meta":{"_glsr_average":0,"_glsr_ranking":0,"_glsr_reviews":0,"footnotes":""},"class_list":["post-158","page","type-page","status-publish","hentry"],"jetpack_sharing_enabled":true,"jetpack-related-posts":[{"id":942,"url":"https:\/\/vittalis.ro\/?page_id=942","url_meta":{"origin":158,"position":0},"title":"Livrare","author":"denisa","date":"ianuarie 7, 2026","format":false,"excerpt":"La Vittalis, livr\u0103m rapid \u0219i \u00een siguran\u021b\u0103 produsele tale, indiferent unde te afli. G\u0103se\u0219ti mai jos toate detaliile legate de timpul de livrare, costuri \u0219i condi\u021biile de transport \u00een func\u021bie de \u021bar\u0103. Livrare \u00een Rom\u00e2nia Timp de livrare: 24 \u2013 48 de ore de la validarea comenzii, \u00een func\u021bie de\u2026","rel":"","context":"Articol similar","block_context":{"text":"Articol similar","link":""},"img":{"alt_text":"","src":"https:\/\/i0.wp.com\/vittalis.ro\/wp-content\/uploads\/2026\/01\/retur-01-1874-300x71.png?resize=350%2C200&ssl=1","width":350,"height":200,"srcset":"https:\/\/i0.wp.com\/vittalis.ro\/wp-content\/uploads\/2026\/01\/retur-01-1874-300x71.png?resize=350%2C200&ssl=1 1x, https:\/\/i0.wp.com\/vittalis.ro\/wp-content\/uploads\/2026\/01\/retur-01-1874-300x71.png?resize=525%2C300&ssl=1 1.5x"},"classes":[]}],"post_mailing_queue_ids":[],"_links":{"self":[{"href":"https:\/\/vittalis.ro\/index.php?rest_route=\/wp\/v2\/pages\/158","targetHints":{"allow":["GET"]}}],"collection":[{"href":"https:\/\/vittalis.ro\/index.php?rest_route=\/wp\/v2\/pages"}],"about":[{"href":"https:\/\/vittalis.ro\/index.php?rest_route=\/wp\/v2\/types\/page"}],"author":[{"embeddable":true,"href":"https:\/\/vittalis.ro\/index.php?rest_route=\/wp\/v2\/users\/1"}],"replies":[{"embeddable":true,"href":"https:\/\/vittalis.ro\/index.php?rest_route=%2Fwp%2Fv2%2Fcomments&post=158"}],"version-history":[{"count":27,"href":"https:\/\/vittalis.ro\/index.php?rest_route=\/wp\/v2\/pages\/158\/revisions"}],"predecessor-version":[{"id":849,"href":"https:\/\/vittalis.ro\/index.php?rest_route=\/wp\/v2\/pages\/158\/revisions\/849"}],"wp:attachment":[{"href":"https:\/\/vittalis.ro\/index.php?rest_route=%2Fwp%2Fv2%2Fmedia&parent=158"}],"curies":[{"name":"wp","href":"https:\/\/api.w.org\/{rel}","templated":true}]}}