{"id":1224,"date":"2026-03-05T07:14:41","date_gmt":"2026-03-05T07:14:41","guid":{"rendered":"https:\/\/vittalis.ro\/?page_id=1224"},"modified":"2026-03-05T07:19:32","modified_gmt":"2026-03-05T07:19:32","slug":"povestea-noastra","status":"publish","type":"page","link":"https:\/\/vittalis.ro\/?page_id=1224","title":{"rendered":"Povestea noastr\u0103"},"content":{"rendered":"<h4 style=\"text-align: center;\">Cum a luat na\u0219tere Vittalis?<\/h4>\n<p class=\"isSelectedEnd\" style=\"text-align: justify;\">Vittalis a \u00eenceput din grij\u0103 pentru propriul organism.<\/p>\n<p class=\"isSelectedEnd\" style=\"text-align: justify;\">Pentru acele momente \u00een care \u00eencepi s\u0103 te \u00eentrebi dac\u0103 ai putea face mai mult pentru tine, \u00eenainte ca organismul s\u0103 \u00ee\u021bi cear\u0103 ajutorul prea t\u00e2rziu.<\/p>\n<p class=\"isSelectedEnd\" style=\"text-align: justify;\">Totul a pornit dintr-o preocupare personal\u0103: <strong>dorin\u021ba de a avea grij\u0103 de corp \u00een mod natural<\/strong>, de a preveni, nu doar de a trata. Din dorin\u021ba de a \u00een\u021belege mai bine ce \u00eenseamn\u0103 echilibrul, energia \u0219i vitalitatea pe termen lung. Am \u00eenceput s\u0103 caut solu\u021bii naturale, produse curate, ingrediente care au fost folosite de genera\u021bii \u00eentregi pentru a sus\u021bine organismul.<\/p>\n<p class=\"isSelectedEnd\" style=\"text-align: justify;\">\u00cen timp, aceast\u0103 grij\u0103 personal\u0103 s-a transformat \u00eentr-o convingere: <strong>mai bine previi dec\u00e2t s\u0103 vindeci<\/strong> \u2014 \u00een alegerile mici pe care le facem \u00een fiecare zi.<\/p>\n<p class=\"isSelectedEnd\" style=\"text-align: justify;\"><strong>A\u0219a a ap\u0103rut Vittalis.<\/strong><\/p>\n<p class=\"isSelectedEnd\" style=\"text-align: justify;\">Nu doar ca un magazin, ci ca un loc \u00een care oamenii pot g\u0103si produse atent alese, g\u00e2ndite pentru a sus\u021bine echilibrul organismului \u0219i pentru a sprijini un stil de via\u021b\u0103 mai con\u0219tient.<\/p>\n<p class=\"isSelectedEnd\" style=\"text-align: justify;\">Fiecare produs din Vittalis este ales cu aceea\u0219i grij\u0103 cu care ai alege ceva pentru tine sau pentru familia ta. Pentru c\u0103, \u00een esen\u021b\u0103, asta ne dorim: <strong>s\u0103 oferim solu\u021bii \u00een care credem cu adev\u0103rat<\/strong>.<\/p>\n<p class=\"isSelectedEnd\" style=\"text-align: justify;\">Pe parcurs, am realizat c\u0103 aceast\u0103 grij\u0103 nu este doar personal\u0103. Este o nevoie pe care o au foarte mul\u021bi oameni. O nevoie de informa\u021bie, de produse de \u00eencredere \u0219i de o abordare mai bl\u00e2nd\u0103 \u0219i mai responsabil\u0103 fa\u021b\u0103 de propriul organism.<\/p>\n<p class=\"isSelectedEnd\" style=\"text-align: justify;\">Ast\u0103zi, Vittalis \u00eenseamn\u0103 mai mult dec\u00e2t un punct de plecare personal. \u00censeamn\u0103 o comunitate de oameni care cred \u00een preven\u021bie, \u00een echilibru \u0219i \u00een puterea micilor alegeri f\u0103cute zi de zi.<\/p>\n<p class=\"isSelectedEnd\" style=\"text-align: justify;\">Pentru c\u0103 imunitatea nu se formeaz\u0103 \u00eentr-o zi. Este un drum lung.<\/p>\n<p style=\"text-align: justify;\"><strong>Iar noi ne dorim s\u0103 \u00eel parcurgem \u00eempreun\u0103 cu tine!\u00a0<\/strong><\/p>\n<p>&nbsp;<\/p>\n","protected":false},"excerpt":{"rendered":"<p>Cum a luat na\u0219tere Vittalis? Vittalis a \u00eenceput din grij\u0103 pentru propriul organism. Pentru acele momente \u00een care \u00eencepi s\u0103 te \u00eentrebi dac\u0103 ai putea face mai mult pentru tine, \u00eenainte ca organismul s\u0103 \u00ee\u021bi cear\u0103 ajutorul prea t\u00e2rziu. Totul a pornit dintr-o preocupare personal\u0103: dorin\u021ba de a avea grij\u0103 de corp \u00een mod natural, [&hellip;]<\/p>\n","protected":false},"author":1,"featured_media":0,"parent":0,"menu_order":0,"comment_status":"closed","ping_status":"closed","template":"","meta":{"_glsr_average":0,"_glsr_ranking":0,"_glsr_reviews":0,"footnotes":""},"class_list":["post-1224","page","type-page","status-publish","hentry"],"jetpack_sharing_enabled":true,"jetpack-related-posts":[{"id":776,"url":"https:\/\/vittalis.ro\/?page_id=776","url_meta":{"origin":1224,"position":0},"title":"Vittalis &#8211; din grij\u0103 pentru s\u0103n\u0103tate, echilibru \u0219i vitalitate","author":"denisa","date":"ianuarie 2, 2026","format":false,"excerpt":"Vittalis Rom\u00e2nia a luat na\u0219tere dintr-o nevoie real\u0103 \u0219i profund uman\u0103: grija pentru s\u0103n\u0103tate. \u00centr-o lume \u00een care ritmul alert al vie\u021bii moderne ne \u00eempinge adesea s\u0103 ne neglij\u0103m corpul \u0219i mintea, Vittalis \u00ee\u0219i propune s\u0103 fie un partener de \u00eencredere pentru to\u021bi cei care \u00ee\u0219i doresc un stil de\u2026","rel":"","context":"Articol similar","block_context":{"text":"Articol similar","link":""},"img":{"alt_text":"Vittalis - din grij\u0103 pentru s\u0103n\u0103tate, echilibru \u0219i vitalitate","src":"https:\/\/i0.wp.com\/vittalis.ro\/wp-content\/uploads\/2025\/12\/cropped-Green-and-White-Organic-Products-Logo-5.png?resize=350%2C200&ssl=1","width":350,"height":200,"srcset":"https:\/\/i0.wp.com\/vittalis.ro\/wp-content\/uploads\/2025\/12\/cropped-Green-and-White-Organic-Products-Logo-5.png?resize=350%2C200&ssl=1 1x, https:\/\/i0.wp.com\/vittalis.ro\/wp-content\/uploads\/2025\/12\/cropped-Green-and-White-Organic-Products-Logo-5.png?resize=525%2C300&ssl=1 1.5x, https:\/\/i0.wp.com\/vittalis.ro\/wp-content\/uploads\/2025\/12\/cropped-Green-and-White-Organic-Products-Logo-5.png?resize=700%2C400&ssl=1 2x, https:\/\/i0.wp.com\/vittalis.ro\/wp-content\/uploads\/2025\/12\/cropped-Green-and-White-Organic-Products-Logo-5.png?resize=1050%2C600&ssl=1 3x"},"classes":[]},{"id":942,"url":"https:\/\/vittalis.ro\/?page_id=942","url_meta":{"origin":1224,"position":1},"title":"Livrare","author":"denisa","date":"ianuarie 7, 2026","format":false,"excerpt":"La Vittalis, livr\u0103m rapid \u0219i \u00een siguran\u021b\u0103 produsele tale, indiferent unde te afli. G\u0103se\u0219ti mai jos toate detaliile legate de timpul de livrare, costuri \u0219i condi\u021biile de transport \u00een func\u021bie de \u021bar\u0103. Livrare \u00een Rom\u00e2nia Timp de livrare: 24 \u2013 48 de ore de la validarea comenzii, \u00een func\u021bie de\u2026","rel":"","context":"Articol similar","block_context":{"text":"Articol similar","link":""},"img":{"alt_text":"","src":"https:\/\/i0.wp.com\/vittalis.ro\/wp-content\/uploads\/2026\/01\/retur-01-1874-300x71.png?resize=350%2C200&ssl=1","width":350,"height":200,"srcset":"https:\/\/i0.wp.com\/vittalis.ro\/wp-content\/uploads\/2026\/01\/retur-01-1874-300x71.png?resize=350%2C200&ssl=1 1x, https:\/\/i0.wp.com\/vittalis.ro\/wp-content\/uploads\/2026\/01\/retur-01-1874-300x71.png?resize=525%2C300&ssl=1 1.5x"},"classes":[]},{"id":873,"url":"https:\/\/vittalis.ro\/?page_id=873","url_meta":{"origin":1224,"position":2},"title":"Login","author":"denisa","date":"ianuarie 4, 2026","format":false,"excerpt":"","rel":"","context":"Articol similar","block_context":{"text":"Articol similar","link":""},"img":{"alt_text":"","src":"","width":0,"height":0},"classes":[]},{"id":998,"url":"https:\/\/vittalis.ro\/?page_id=998","url_meta":{"origin":1224,"position":3},"title":"Toate articolele","author":"denisa","date":"ianuarie 15, 2026","format":false,"excerpt":"","rel":"","context":"Articol similar","block_context":{"text":"Articol similar","link":""},"img":{"alt_text":"","src":"","width":0,"height":0},"classes":[]},{"id":936,"url":"https:\/\/vittalis.ro\/?page_id=936","url_meta":{"origin":1224,"position":4},"title":"Produsele noastre","author":"denisa","date":"ianuarie 7, 2026","format":false,"excerpt":"","rel":"","context":"Articol similar","block_context":{"text":"Articol similar","link":""},"img":{"alt_text":"","src":"","width":0,"height":0},"classes":[]},{"id":876,"url":"https:\/\/vittalis.ro\/?page_id=876","url_meta":{"origin":1224,"position":5},"title":"CONTUL MEU","author":"denisa","date":"ianuarie 4, 2026","format":false,"excerpt":"\u00a0","rel":"","context":"Articol similar","block_context":{"text":"Articol similar","link":""},"img":{"alt_text":"","src":"","width":0,"height":0},"classes":[]}],"post_mailing_queue_ids":[],"_links":{"self":[{"href":"https:\/\/vittalis.ro\/index.php?rest_route=\/wp\/v2\/pages\/1224","targetHints":{"allow":["GET"]}}],"collection":[{"href":"https:\/\/vittalis.ro\/index.php?rest_route=\/wp\/v2\/pages"}],"about":[{"href":"https:\/\/vittalis.ro\/index.php?rest_route=\/wp\/v2\/types\/page"}],"author":[{"embeddable":true,"href":"https:\/\/vittalis.ro\/index.php?rest_route=\/wp\/v2\/users\/1"}],"replies":[{"embeddable":true,"href":"https:\/\/vittalis.ro\/index.php?rest_route=%2Fwp%2Fv2%2Fcomments&post=1224"}],"version-history":[{"count":7,"href":"https:\/\/vittalis.ro\/index.php?rest_route=\/wp\/v2\/pages\/1224\/revisions"}],"predecessor-version":[{"id":1233,"href":"https:\/\/vittalis.ro\/index.php?rest_route=\/wp\/v2\/pages\/1224\/revisions\/1233"}],"wp:attachment":[{"href":"https:\/\/vittalis.ro\/index.php?rest_route=%2Fwp%2Fv2%2Fmedia&parent=1224"}],"curies":[{"name":"wp","href":"https:\/\/api.w.org\/{rel}","templated":true}]}}